Last updated on 2023-12-03 11:50:36 CET.
Flavor | Version | Tinstall | Tcheck | Ttotal | Status | Flags |
---|---|---|---|---|---|---|
r-devel-linux-x86_64-debian-clang | 1.0.4 | 5.20 | 54.39 | 59.59 | OK | |
r-devel-linux-x86_64-debian-gcc | 1.0.4 | 4.87 | 40.79 | 45.66 | OK | |
r-devel-linux-x86_64-fedora-clang | 1.0.4 | 74.48 | NOTE | |||
r-devel-linux-x86_64-fedora-gcc | 1.0.4 | 82.31 | OK | |||
r-devel-windows-x86_64 | 1.0.4 | 6.00 | 60.00 | 66.00 | OK | |
r-patched-linux-x86_64 | 1.0.4 | 6.24 | 51.49 | 57.73 | OK | |
r-release-linux-x86_64 | 1.0.4 | 5.05 | 51.75 | 56.80 | OK | |
r-release-macos-arm64 | 1.0.4 | 33.00 | OK | |||
r-release-macos-x86_64 | 1.0.4 | 49.00 | OK | |||
r-release-windows-x86_64 | 1.0.4 | 8.00 | 66.00 | 74.00 | OK | |
r-oldrel-macos-arm64 | 1.0.4 | 32.00 | OK | |||
r-oldrel-macos-x86_64 | 1.0.4 | 37.00 | OK | |||
r-oldrel-windows-x86_64 | 1.0.4 | 8.00 | 71.00 | 79.00 | OK |
Version: 1.0.4
Check: Rd cross-references
Result: NOTE
Undeclared package ‘rlang’ in Rd xrefs
Flavor: r-devel-linux-x86_64-fedora-clang