Last updated on 2023-09-24 12:28:18 CEST.
Flavor | Version | Tinstall | Tcheck | Ttotal | Status | Flags |
---|---|---|---|---|---|---|
r-devel-linux-x86_64-debian-clang | 0.3.11 | 17.44 | 359.12 | 376.56 | NOTE | |
r-devel-linux-x86_64-debian-gcc | 0.3.11 | 10.62 | 262.02 | 272.64 | NOTE | |
r-devel-linux-x86_64-fedora-clang | 0.3.11 | 447.76 | NOTE | |||
r-devel-linux-x86_64-fedora-gcc | 0.3.11 | 443.34 | NOTE | |||
r-devel-windows-x86_64 | 0.3.11 | 14.00 | 294.00 | 308.00 | NOTE | |
r-patched-linux-x86_64 | 0.3.11 | 12.96 | 342.08 | 355.04 | OK | |
r-release-linux-x86_64 | 0.3.11 | 10.27 | 344.33 | 354.60 | OK | |
r-release-macos-arm64 | 0.3.11 | 125.00 | OK | |||
r-release-macos-x86_64 | 0.3.11 | 196.00 | OK | |||
r-release-windows-x86_64 | 0.3.11 | 21.00 | 368.00 | 389.00 | OK | |
r-oldrel-macos-arm64 | 0.3.11 | 232.00 | OK | |||
r-oldrel-macos-x86_64 | 0.3.11 | 262.00 | OK | |||
r-oldrel-windows-x86_64 | 0.3.11 | 19.00 | 345.00 | 364.00 | OK |
Version: 0.3.11
Check: Rd \usage sections
Result: NOTE
Documented arguments not in \usage in documentation object 'decoration':
‘nudge_npcx’ ‘nudge_npcy’
Documented arguments not in \usage in documentation object 'generic_plot':
‘pc.out’
Functions with \usage entries need to have the appropriate \alias
entries, and all their arguments documented.
The \usage entries must correspond to syntactically valid R code.
See chapter ‘Writing R documentation files’ in the ‘Writing R
Extensions’ manual.
Flavors: r-devel-linux-x86_64-debian-clang, r-devel-linux-x86_64-debian-gcc, r-devel-linux-x86_64-fedora-clang, r-devel-linux-x86_64-fedora-gcc, r-devel-windows-x86_64