CRAN Package Check Results for Package ggshadow

Last updated on 2022-06-26 11:52:33 CEST.

Flavor Version Tinstall Tcheck Ttotal Status Flags
r-devel-linux-x86_64-debian-clang 0.0.2 6.49 70.06 76.55 NOTE
r-devel-linux-x86_64-debian-gcc 0.0.2 6.16 52.69 58.85 NOTE
r-devel-linux-x86_64-fedora-clang 0.0.2 101.35 NOTE
r-devel-linux-x86_64-fedora-gcc 0.0.2 99.33 NOTE
r-devel-windows-x86_64 0.0.2 35.00 110.00 145.00 NOTE
r-patched-linux-x86_64 0.0.2 7.39 65.04 72.43 NOTE
r-release-linux-x86_64 0.0.2 7.54 65.15 72.69 NOTE
r-release-macos-arm64 0.0.2 29.00 NOTE
r-release-macos-x86_64 0.0.2 53.00 NOTE
r-release-windows-x86_64 0.0.2 33.00 107.00 140.00 NOTE
r-oldrel-macos-arm64 0.0.2 35.00 NOTE
r-oldrel-macos-x86_64 0.0.2 49.00 NOTE
r-oldrel-windows-ix86+x86_64 0.0.2 17.00 103.00 120.00 NOTE

Check Details

Version: 0.0.2
Check: LazyData
Result: NOTE
     'LazyData' is specified without a 'data' directory
Flavors: r-devel-linux-x86_64-debian-clang, r-devel-linux-x86_64-debian-gcc, r-devel-linux-x86_64-fedora-clang, r-devel-linux-x86_64-fedora-gcc, r-devel-windows-x86_64, r-patched-linux-x86_64, r-release-linux-x86_64, r-release-macos-arm64, r-release-macos-x86_64, r-release-windows-x86_64, r-oldrel-macos-arm64, r-oldrel-macos-x86_64, r-oldrel-windows-ix86+x86_64

Version: 0.0.2
Check: Rd cross-references
Result: NOTE
    Undeclared package ‘RColorBrewer’ in Rd xrefs
Flavor: r-devel-linux-x86_64-fedora-clang