Last updated on 2024-04-19 11:56:47 CEST.
Flavor | Version | Tinstall | Tcheck | Ttotal | Status | Flags |
---|---|---|---|---|---|---|
r-devel-linux-x86_64-debian-clang | 1.6.3 | 17.54 | 89.77 | 107.31 | OK | |
r-devel-linux-x86_64-debian-gcc | 1.6.3 | OK | ||||
r-devel-linux-x86_64-fedora-clang | 1.6.3 | 137.30 | NOTE | |||
r-devel-linux-x86_64-fedora-gcc | 1.6.3 | 131.19 | NOTE | |||
r-prerel-macos-arm64 | 1.6.3 | 48.00 | OK | |||
r-prerel-windows-x86_64 | 1.6.3 | 18.00 | 84.00 | 102.00 | OK | |
r-patched-linux-x86_64 | 1.6.3 | 15.75 | 85.65 | 101.40 | OK | |
r-release-linux-x86_64 | 1.6.3 | 14.93 | 85.79 | 100.72 | OK | |
r-release-macos-arm64 | 1.6.3 | 48.00 | OK | |||
r-release-macos-x86_64 | 1.6.3 | 71.00 | OK | |||
r-release-windows-x86_64 | 1.6.3 | 23.00 | 97.00 | 120.00 | OK | |
r-oldrel-macos-arm64 | 1.6.3 | 45.00 | NOTE | |||
r-oldrel-windows-x86_64 | 1.6.3 | 24.00 | 104.00 | 128.00 | OK |
Version: 1.6.3
Check: dependencies in R code
Result: NOTE
Namespaces in Imports field not imported from:
‘magrittr’ ‘utils’
All declared Imports should be used.
Flavors: r-devel-linux-x86_64-fedora-clang, r-devel-linux-x86_64-fedora-gcc, r-oldrel-macos-arm64