CRAN Package Check Results for Package ggrisk

Last updated on 2024-02-23 11:53:24 CET.

Flavor Version Tinstall Tcheck Ttotal Status Flags
r-devel-linux-x86_64-debian-clang 1.3 OK
r-devel-linux-x86_64-debian-gcc 1.3 11.67 95.51 107.18 OK
r-devel-linux-x86_64-fedora-clang 1.3 174.11 NOTE
r-devel-linux-x86_64-fedora-gcc 1.3 162.82 NOTE
r-devel-windows-x86_64 1.3 14.00 103.00 117.00 OK
r-patched-linux-x86_64 1.3 13.07 125.43 138.50 OK
r-release-linux-x86_64 1.3 12.37 124.14 136.51 OK
r-release-macos-arm64 1.3 53.00 OK
r-release-macos-x86_64 1.3 85.00 OK
r-release-windows-x86_64 1.3 20.00 128.00 148.00 OK
r-oldrel-macos-arm64 1.3 60.00 NOTE
r-oldrel-windows-x86_64 1.3 20.00 128.00 148.00 OK

Check Details

Version: 1.3
Check: dependencies in R code
Result: NOTE Namespaces in Imports field not imported from: ‘nomogramFormula’ ‘survival’ All declared Imports should be used. Flavors: r-devel-linux-x86_64-fedora-clang, r-devel-linux-x86_64-fedora-gcc, r-oldrel-macos-arm64