CRAN Package Check Results for Package ggredist

Last updated on 2025-05-06 12:49:39 CEST.

Flavor Version Tinstall Tcheck Ttotal Status Flags
r-devel-linux-x86_64-debian-clang 0.0.2 4.62 50.32 54.94 NOTE
r-devel-linux-x86_64-debian-gcc 0.0.2 3.18 35.29 38.47 NOTE
r-devel-linux-x86_64-fedora-clang 0.0.2 89.90 OK
r-devel-linux-x86_64-fedora-gcc 0.0.2 88.35 OK
r-devel-windows-x86_64 0.0.2 8.00 68.00 76.00 NOTE
r-patched-linux-x86_64 0.0.2 4.94 45.68 50.62 NOTE
r-release-linux-x86_64 0.0.2 5.02 46.43 51.45 NOTE
r-release-macos-arm64 0.0.2 31.00 OK
r-release-macos-x86_64 0.0.2 46.00 OK
r-release-windows-x86_64 0.0.2 7.00 69.00 76.00 NOTE
r-oldrel-macos-arm64 0.0.2 25.00 OK
r-oldrel-macos-x86_64 0.0.2 38.00 OK
r-oldrel-windows-x86_64 0.0.2 8.00 82.00 90.00 OK

Check Details

Version: 0.0.2
Check: Rd cross-references
Result: NOTE Found the following Rd file(s) with Rd \link{} targets missing package anchors: StatCityRoad.Rd: aes StatDistrict.Rd: aes StatDistrictCoordinates.Rd: aes StatPlaces.Rd: aes Please provide package anchors for all Rd \link{} targets not in the package itself and the base packages. Flavors: r-devel-linux-x86_64-debian-clang, r-devel-linux-x86_64-debian-gcc, r-devel-windows-x86_64, r-patched-linux-x86_64, r-release-linux-x86_64, r-release-windows-x86_64