Last updated on 2025-02-21 10:51:39 CET.
Flavor | Version | Tinstall | Tcheck | Ttotal | Status | Flags |
---|---|---|---|---|---|---|
r-devel-linux-x86_64-debian-clang | 1.2 | 15.62 | 109.28 | 124.90 | OK | |
r-devel-linux-x86_64-debian-gcc | 1.2 | 12.22 | 74.46 | 86.68 | OK | |
r-devel-linux-x86_64-fedora-clang | 1.2 | 192.52 | OK | |||
r-devel-linux-x86_64-fedora-gcc | 1.2 | 180.88 | OK | |||
r-devel-macos-arm64 | 1.2 | 55.00 | OK | |||
r-devel-macos-x86_64 | 1.2 | 95.00 | OK | |||
r-devel-windows-x86_64 | 1.2 | 22.00 | 104.00 | 126.00 | OK | |
r-patched-linux-x86_64 | 1.2 | 14.59 | 98.33 | 112.92 | OK | |
r-release-linux-x86_64 | 1.2 | 14.94 | 98.85 | 113.79 | OK | |
r-release-macos-arm64 | 1.2 | 50.00 | NOTE | |||
r-release-macos-x86_64 | 1.2 | 74.00 | NOTE | |||
r-release-windows-x86_64 | 1.2 | 22.00 | 106.00 | 128.00 | NOTE | |
r-oldrel-macos-arm64 | 1.2 | 57.00 | NOTE | |||
r-oldrel-macos-x86_64 | 1.2 | 91.00 | NOTE | |||
r-oldrel-windows-x86_64 | 1.2 | 25.00 | 127.00 | 152.00 | NOTE |
Version: 1.2
Check: installed package size
Result: NOTE
installed size is 9.4Mb
sub-directories of 1Mb or more:
extdata 9.1Mb
Flavors: r-release-macos-arm64, r-release-macos-x86_64, r-release-windows-x86_64, r-oldrel-macos-arm64, r-oldrel-macos-x86_64, r-oldrel-windows-x86_64