Last updated on 2022-05-22 12:55:27 CEST.
Flavor | Version | Tinstall | Tcheck | Ttotal | Status | Flags |
---|---|---|---|---|---|---|
r-devel-linux-x86_64-debian-clang | 2.0.5 | 87.79 | 232.38 | 320.17 | OK | |
r-devel-linux-x86_64-debian-gcc | 2.0.5 | 69.02 | 169.32 | 238.34 | OK | |
r-devel-linux-x86_64-fedora-clang | 2.0.5 | 425.40 | NOTE | |||
r-devel-linux-x86_64-fedora-gcc | 2.0.5 | 365.72 | OK | |||
r-devel-windows-x86_64 | 2.0.5 | 129.00 | 347.00 | 476.00 | NOTE | |
r-patched-linux-x86_64 | 2.0.5 | 81.51 | 213.25 | 294.76 | OK | |
r-release-linux-x86_64 | 2.0.5 | 65.05 | 215.40 | 280.45 | OK | |
r-release-macos-arm64 | 2.0.5 | 100.00 | NOTE | |||
r-release-macos-x86_64 | 2.0.5 | 172.00 | NOTE | |||
r-release-windows-x86_64 | 2.0.5 | 119.00 | 344.00 | 463.00 | NOTE | |
r-oldrel-macos-arm64 | 2.0.5 | 148.00 | NOTE | |||
r-oldrel-macos-x86_64 | 2.0.5 | 145.00 | NOTE | |||
r-oldrel-windows-ix86+x86_64 | 2.0.5 | 200.00 | 397.00 | 597.00 | NOTE |
Version: 2.0.5
Check: installed package size
Result: NOTE
installed size is 6.9Mb
sub-directories of 1Mb or more:
doc 3.6Mb
libs 2.0Mb
Flavors: r-devel-linux-x86_64-fedora-clang, r-devel-windows-x86_64, r-release-macos-arm64, r-release-macos-x86_64, r-release-windows-x86_64, r-oldrel-macos-arm64, r-oldrel-macos-x86_64, r-oldrel-windows-ix86+x86_64