Last updated on 2023-03-22 09:54:09 CET.
Flavor | Version | Tinstall | Tcheck | Ttotal | Status | Flags |
---|---|---|---|---|---|---|
r-devel-linux-x86_64-debian-clang | 0.6.0 | 16.84 | 335.94 | 352.78 | OK | |
r-devel-linux-x86_64-debian-gcc | 0.6.0 | 14.19 | 252.83 | 267.02 | OK | |
r-devel-linux-x86_64-fedora-clang | 0.6.0 | 462.25 | NOTE | |||
r-devel-linux-x86_64-fedora-gcc | 0.6.0 | 447.35 | OK | |||
r-patched-linux-x86_64 | 0.6.0 | 27.21 | 317.00 | 344.21 | OK | |
r-release-linux-x86_64 | 0.6.0 | 17.26 | 311.05 | 328.31 | OK | |
r-release-macos-arm64 | 0.6.0 | 67.00 | OK | |||
r-release-macos-x86_64 | 0.6.0 | 138.00 | OK | |||
r-release-windows-x86_64 | 0.6.0 | 105.00 | 379.00 | 484.00 | OK | |
r-oldrel-macos-arm64 | 0.6.0 | 93.00 | OK | |||
r-oldrel-macos-x86_64 | 0.6.0 | 136.00 | OK | |||
r-oldrel-windows-ix86+x86_64 | 0.6.0 | 32.00 | 357.00 | 389.00 | OK |
Version: 0.6.0
Check: Rd cross-references
Result: NOTE
Undeclared package ‘car’ in Rd xrefs
Flavor: r-devel-linux-x86_64-fedora-clang