CRAN Package Check Results for Package ggpol

Last updated on 2022-06-27 11:50:44 CEST.

Flavor Version Tinstall Tcheck Ttotal Status Flags
r-devel-linux-x86_64-debian-clang 0.0.7 10.59 65.30 75.89 NOTE
r-devel-linux-x86_64-debian-gcc 0.0.7 7.85 48.94 56.79 NOTE
r-devel-linux-x86_64-fedora-clang 0.0.7 100.60 NOTE
r-devel-linux-x86_64-fedora-gcc 0.0.7 98.95 NOTE
r-devel-windows-x86_64 0.0.7 22.00 91.00 113.00 NOTE
r-patched-linux-x86_64 0.0.7 9.69 60.82 70.51 NOTE
r-release-linux-x86_64 0.0.7 10.02 61.58 71.60 NOTE
r-release-macos-arm64 0.0.7 27.00 NOTE
r-release-macos-x86_64 0.0.7 47.00 NOTE
r-release-windows-x86_64 0.0.7 25.00 88.00 113.00 NOTE
r-oldrel-macos-arm64 0.0.7 29.00 NOTE
r-oldrel-macos-x86_64 0.0.7 48.00 NOTE
r-oldrel-windows-ix86+x86_64 0.0.7 22.00 84.00 106.00 NOTE

Check Details

Version: 0.0.7
Check: LazyData
Result: NOTE
     'LazyData' is specified without a 'data' directory
Flavors: r-devel-linux-x86_64-debian-clang, r-devel-linux-x86_64-debian-gcc, r-devel-linux-x86_64-fedora-clang, r-devel-linux-x86_64-fedora-gcc, r-devel-windows-x86_64, r-patched-linux-x86_64, r-release-linux-x86_64, r-release-macos-arm64, r-release-macos-x86_64, r-release-windows-x86_64, r-oldrel-macos-arm64, r-oldrel-macos-x86_64, r-oldrel-windows-ix86+x86_64

Version: 0.0.7
Check: dependencies in R code
Result: NOTE
    Namespaces in Imports field not imported from:
     ‘dplyr’ ‘grDevices’
     All declared Imports should be used.
Flavors: r-devel-linux-x86_64-fedora-clang, r-devel-linux-x86_64-fedora-gcc, r-release-macos-arm64, r-release-macos-x86_64, r-oldrel-macos-arm64, r-oldrel-macos-x86_64