CRAN Package Check Results for Package ggpointdensity

Last updated on 2025-05-10 12:49:43 CEST.

Flavor Version Tinstall Tcheck Ttotal Status Flags
r-devel-linux-x86_64-debian-clang 0.1.0 5.69 46.99 52.68 NOTE
r-devel-linux-x86_64-debian-gcc 0.1.0 3.40 35.00 38.40 NOTE
r-devel-linux-x86_64-fedora-clang 0.1.0 70.85 OK
r-devel-linux-x86_64-fedora-gcc 0.1.0 80.21 OK
r-devel-windows-x86_64 0.1.0 9.00 63.00 72.00 NOTE
r-patched-linux-x86_64 0.1.0 4.81 43.53 48.34 NOTE
r-release-linux-x86_64 0.1.0 4.89 43.84 48.73 NOTE
r-release-macos-arm64 0.1.0 34.00 OK
r-release-macos-x86_64 0.1.0 43.00 OK
r-release-windows-x86_64 0.1.0 8.00 63.00 71.00 NOTE
r-oldrel-macos-arm64 0.1.0 27.00 NOTE
r-oldrel-macos-x86_64 0.1.0 38.00 NOTE
r-oldrel-windows-x86_64 0.1.0 10.00 76.00 86.00 NOTE

Check Details

Version: 0.1.0
Check: Rd cross-references
Result: NOTE Found the following Rd file(s) with Rd \link{} targets missing package anchors: geom_pointdensity.Rd: aes, aes_, ggplot, fortify, layer, borders Please provide package anchors for all Rd \link{} targets not in the package itself and the base packages. Flavors: r-devel-linux-x86_64-debian-clang, r-devel-linux-x86_64-debian-gcc, r-devel-windows-x86_64, r-patched-linux-x86_64, r-release-linux-x86_64, r-release-windows-x86_64

Version: 0.1.0
Check: LazyData
Result: NOTE 'LazyData' is specified without a 'data' directory Flavors: r-oldrel-macos-arm64, r-oldrel-macos-x86_64, r-oldrel-windows-x86_64