CRAN Package Check Results for Package ggpointdensity

Last updated on 2022-07-02 12:53:04 CEST.

Flavor Version Tinstall Tcheck Ttotal Status Flags
r-devel-linux-x86_64-debian-clang 0.1.0 5.74 57.67 63.41 NOTE
r-devel-linux-x86_64-debian-gcc 0.1.0 4.63 43.45 48.08 NOTE
r-devel-linux-x86_64-fedora-clang 0.1.0 84.49 NOTE
r-devel-linux-x86_64-fedora-gcc 0.1.0 84.13 NOTE
r-devel-windows-x86_64 0.1.0 18.00 83.00 101.00 NOTE
r-patched-linux-x86_64 0.1.0 10.72 56.09 66.81 NOTE
r-release-linux-x86_64 0.1.0 5.61 55.77 61.38 NOTE
r-release-macos-arm64 0.1.0 28.00 NOTE
r-release-macos-x86_64 0.1.0 42.00 NOTE
r-release-windows-x86_64 0.1.0 20.00 86.00 106.00 NOTE
r-oldrel-macos-arm64 0.1.0 28.00 NOTE
r-oldrel-macos-x86_64 0.1.0 43.00 NOTE
r-oldrel-windows-ix86+x86_64 0.1.0 18.00 106.00 124.00 NOTE

Check Details

Version: 0.1.0
Check: LazyData
Result: NOTE
     'LazyData' is specified without a 'data' directory
Flavors: r-devel-linux-x86_64-debian-clang, r-devel-linux-x86_64-debian-gcc, r-devel-linux-x86_64-fedora-clang, r-devel-linux-x86_64-fedora-gcc, r-devel-windows-x86_64, r-patched-linux-x86_64, r-release-linux-x86_64, r-release-macos-arm64, r-release-macos-x86_64, r-release-windows-x86_64, r-oldrel-macos-arm64, r-oldrel-macos-x86_64, r-oldrel-windows-ix86+x86_64