Last updated on 2024-03-28 09:51:43 CET.
Flavor | Version | Tinstall | Tcheck | Ttotal | Status | Flags |
---|---|---|---|---|---|---|
r-devel-linux-x86_64-debian-clang | 0.0.1 | 7.56 | 52.29 | 59.85 | NOTE | |
r-devel-linux-x86_64-debian-gcc | 0.0.1 | 5.13 | 39.86 | 44.99 | NOTE | |
r-devel-linux-x86_64-fedora-clang | 0.0.1 | 73.72 | NOTE | |||
r-devel-linux-x86_64-fedora-gcc | 0.0.1 | 69.50 | NOTE | |||
r-devel-windows-x86_64 | 0.0.1 | 7.00 | 57.00 | 64.00 | NOTE | |
r-patched-linux-x86_64 | 0.0.1 | 9.41 | 48.96 | 58.37 | NOTE | |
r-release-linux-x86_64 | 0.0.1 | 4.26 | 50.12 | 54.38 | NOTE | |
r-release-macos-arm64 | 0.0.1 | 25.00 | NOTE | |||
r-release-macos-x86_64 | 0.0.1 | 36.00 | NOTE | |||
r-release-windows-x86_64 | 0.0.1 | 8.00 | 63.00 | 71.00 | NOTE | |
r-oldrel-macos-arm64 | 0.0.1 | 26.00 | NOTE | |||
r-oldrel-windows-x86_64 | 0.0.1 | 9.00 | 69.00 | 78.00 | NOTE |
Version: 0.0.1
Check: LazyData
Result: NOTE
'LazyData' is specified without a 'data' directory
Flavors: r-devel-linux-x86_64-debian-clang, r-devel-linux-x86_64-debian-gcc, r-devel-linux-x86_64-fedora-clang, r-devel-linux-x86_64-fedora-gcc, r-devel-windows-x86_64, r-patched-linux-x86_64, r-release-linux-x86_64, r-release-macos-arm64, r-release-macos-x86_64, r-release-windows-x86_64, r-oldrel-macos-arm64, r-oldrel-windows-x86_64