Last updated on 2024-04-24 11:20:51 CEST.
Flavor | Version | Tinstall | Tcheck | Ttotal | Status | Flags |
---|---|---|---|---|---|---|
r-devel-linux-x86_64-debian-clang | 1.0.0 | 6.90 | 64.59 | 71.49 | NOTE | |
r-devel-linux-x86_64-debian-gcc | 1.0.0 | 6.71 | 49.29 | 56.00 | NOTE | |
r-devel-linux-x86_64-fedora-clang | 1.0.0 | 95.30 | NOTE | |||
r-devel-linux-x86_64-fedora-gcc | 1.0.0 | 86.99 | NOTE | |||
r-devel-windows-x86_64 | 1.0.0 | 9.00 | 64.00 | 73.00 | NOTE | |
r-patched-linux-x86_64 | 1.0.0 | 5.87 | 61.97 | 67.84 | NOTE | |
r-release-linux-x86_64 | 1.0.0 | 5.12 | 62.26 | 67.38 | NOTE | |
r-release-macos-arm64 | 1.0.0 | 31.00 | NOTE | |||
r-release-windows-x86_64 | 1.0.0 | 8.00 | 67.00 | 75.00 | NOTE | |
r-oldrel-macos-arm64 | 1.0.0 | 31.00 | NOTE | |||
r-oldrel-macos-x86_64 | 1.0.0 | 46.00 | NOTE | |||
r-oldrel-windows-x86_64 | 1.0.0 | 12.00 | 82.00 | 94.00 | NOTE |
Version: 1.0.0
Check: LazyData
Result: NOTE
'LazyData' is specified without a 'data' directory
Flavors: r-devel-linux-x86_64-debian-clang, r-devel-linux-x86_64-debian-gcc, r-devel-linux-x86_64-fedora-clang, r-devel-linux-x86_64-fedora-gcc, r-devel-windows-x86_64, r-patched-linux-x86_64, r-release-linux-x86_64, r-release-macos-arm64, r-release-windows-x86_64, r-oldrel-macos-arm64, r-oldrel-macos-x86_64, r-oldrel-windows-x86_64