Last updated on 2025-05-12 13:50:14 CEST.
Flavor | Version | Tinstall | Tcheck | Ttotal | Status | Flags |
---|---|---|---|---|---|---|
r-devel-linux-x86_64-debian-clang | 0.1.3 | 8.77 | 67.89 | 76.66 | OK | |
r-devel-linux-x86_64-debian-gcc | 0.1.3 | 6.00 | 47.90 | 53.90 | OK | |
r-devel-linux-x86_64-fedora-clang | 0.1.3 | 120.50 | NOTE | |||
r-devel-linux-x86_64-fedora-gcc | 0.1.3 | 137.72 | NOTE | |||
r-devel-windows-x86_64 | 0.1.3 | 12.00 | 80.00 | 92.00 | OK | |
r-patched-linux-x86_64 | 0.1.3 | 7.54 | 61.55 | 69.09 | OK | |
r-release-linux-x86_64 | 0.1.3 | 8.89 | 63.15 | 72.04 | OK | |
r-release-macos-arm64 | 0.1.3 | 39.00 | OK | |||
r-release-macos-x86_64 | 0.1.3 | 76.00 | OK | |||
r-release-windows-x86_64 | 0.1.3 | 10.00 | 79.00 | 89.00 | OK | |
r-oldrel-macos-arm64 | 0.1.3 | 37.00 | NOTE | |||
r-oldrel-macos-x86_64 | 0.1.3 | 63.00 | NOTE | |||
r-oldrel-windows-x86_64 | 0.1.3 | 15.00 | 95.00 | 110.00 | NOTE |
Version: 0.1.3
Check: dependencies in R code
Result: NOTE
Namespaces in Imports field not imported from:
‘gcookbook’ ‘ggthemes’ ‘moonBook’ ‘tidyverse’
All declared Imports should be used.
Flavors: r-devel-linux-x86_64-fedora-clang, r-devel-linux-x86_64-fedora-gcc
Version: 0.1.3
Check: LazyData
Result: NOTE
'LazyData' is specified without a 'data' directory
Flavors: r-oldrel-macos-arm64, r-oldrel-macos-x86_64, r-oldrel-windows-x86_64