Last updated on 2024-04-19 11:56:47 CEST.
Flavor | Version | Tinstall | Tcheck | Ttotal | Status | Flags |
---|---|---|---|---|---|---|
r-devel-linux-x86_64-debian-clang | 0.2.0 | 9.20 | 79.84 | 89.04 | NOTE | |
r-devel-linux-x86_64-debian-gcc | 0.2.0 | NOTE | ||||
r-devel-linux-x86_64-fedora-clang | 0.2.0 | 108.45 | NOTE | |||
r-devel-linux-x86_64-fedora-gcc | 0.2.0 | 101.68 | NOTE | |||
r-prerel-macos-arm64 | 0.2.0 | 33.00 | NOTE | |||
r-prerel-windows-x86_64 | 0.2.0 | 10.00 | 75.00 | 85.00 | NOTE | |
r-patched-linux-x86_64 | 0.2.0 | 8.49 | 76.10 | 84.59 | NOTE | |
r-release-linux-x86_64 | 0.2.0 | 6.55 | 76.49 | 83.04 | OK | |
r-release-macos-arm64 | 0.2.0 | 34.00 | OK | |||
r-release-macos-x86_64 | 0.2.0 | 53.00 | OK | |||
r-release-windows-x86_64 | 0.2.0 | 10.00 | 89.00 | 99.00 | OK | |
r-oldrel-macos-arm64 | 0.2.0 | 40.00 | OK | |||
r-oldrel-windows-x86_64 | 0.2.0 | 11.00 | 99.00 | 110.00 | OK |
Version: 0.2.0
Check: Rd files
Result: NOTE
checkRd: (-1) pcp_scale.Rd:50: Lost braces in \itemize; meant \describe ?
checkRd: (-1) pcp_scale.Rd:51: Lost braces in \itemize; meant \describe ?
checkRd: (-1) pcp_scale.Rd:52: Lost braces in \itemize; meant \describe ?
checkRd: (-1) pcp_scale.Rd:53: Lost braces in \itemize; meant \describe ?
checkRd: (-1) pcp_scale.Rd:54-55: Lost braces in \itemize; meant \describe ?
Flavors: r-devel-linux-x86_64-debian-clang, r-devel-linux-x86_64-debian-gcc, r-devel-linux-x86_64-fedora-clang, r-devel-linux-x86_64-fedora-gcc, r-prerel-macos-arm64, r-prerel-windows-x86_64, r-patched-linux-x86_64
Version: 0.2.0
Check: Rd cross-references
Result: NOTE
Undeclared package ‘ggdensity’ in Rd xrefs
Flavor: r-devel-linux-x86_64-fedora-clang