Last updated on 2023-09-28 11:55:33 CEST.
Flavor | Version | Tinstall | Tcheck | Ttotal | Status | Flags |
---|---|---|---|---|---|---|
r-devel-linux-x86_64-debian-clang | 0.2.0 | 7.93 | 82.51 | 90.44 | OK | |
r-devel-linux-x86_64-debian-gcc | 0.2.0 | 5.99 | 62.32 | 68.31 | OK | |
r-devel-linux-x86_64-fedora-clang | 0.2.0 | 110.75 | NOTE | |||
r-devel-linux-x86_64-fedora-gcc | 0.2.0 | 105.24 | OK | |||
r-devel-windows-x86_64 | 0.2.0 | 9.00 | 79.00 | 88.00 | OK | |
r-patched-linux-x86_64 | 0.2.0 | 5.22 | 76.82 | 82.04 | OK | |
r-release-linux-x86_64 | 0.2.0 | 5.06 | 78.92 | 83.98 | OK | |
r-release-macos-arm64 | 0.2.0 | 34.00 | OK | |||
r-release-macos-x86_64 | 0.2.0 | 53.00 | OK | |||
r-release-windows-x86_64 | 0.2.0 | 11.00 | 94.00 | 105.00 | OK | |
r-oldrel-macos-arm64 | 0.2.0 | 40.00 | OK | |||
r-oldrel-macos-x86_64 | 0.2.0 | 51.00 | OK | |||
r-oldrel-windows-x86_64 | 0.2.0 | 11.00 | 99.00 | 110.00 | OK |
Version: 0.2.0
Check: Rd cross-references
Result: NOTE
Undeclared package ‘ggdensity’ in Rd xrefs
Flavor: r-devel-linux-x86_64-fedora-clang