Last updated on 2024-04-23 10:54:04 CEST.
Flavor | Version | Tinstall | Tcheck | Ttotal | Status | Flags |
---|---|---|---|---|---|---|
r-devel-linux-x86_64-debian-clang | 1.0.1 | 12.06 | 181.29 | 193.35 | NOTE | |
r-devel-linux-x86_64-debian-gcc | 1.0.1 | 6.76 | 140.16 | 146.92 | NOTE | |
r-devel-linux-x86_64-fedora-clang | 1.0.1 | 249.04 | NOTE | |||
r-devel-linux-x86_64-fedora-gcc | 1.0.1 | 241.93 | NOTE | |||
r-prerel-macos-arm64 | 1.0.1 | 68.00 | NOTE | |||
r-prerel-windows-x86_64 | 1.0.1 | 11.00 | 141.00 | 152.00 | NOTE | |
r-patched-linux-x86_64 | 1.0.1 | 14.72 | 176.10 | 190.82 | NOTE | |
r-release-linux-x86_64 | 1.0.1 | 8.77 | 178.38 | 187.15 | OK | |
r-release-macos-arm64 | 1.0.1 | 76.00 | OK | |||
r-release-macos-x86_64 | 1.0.1 | 119.00 | OK | |||
r-release-windows-x86_64 | 1.0.1 | 14.00 | 175.00 | 189.00 | OK | |
r-oldrel-macos-arm64 | 1.0.1 | 77.00 | OK | |||
r-oldrel-windows-x86_64 | 1.0.1 | 13.00 | 177.00 | 190.00 | OK |
Version: 1.0.1
Check: Rd files
Result: NOTE
checkRd: (-1) scale_pattern_alpha_continuous.Rd:24-45: Lost braces
24 | if (require("ggplot2")) {
| ^
Flavors: r-devel-linux-x86_64-debian-clang, r-devel-linux-x86_64-debian-gcc, r-devel-linux-x86_64-fedora-clang, r-devel-linux-x86_64-fedora-gcc, r-prerel-macos-arm64, r-prerel-windows-x86_64, r-patched-linux-x86_64