CRAN Package Check Results for Package ggpath

Last updated on 2024-02-26 12:54:24 CET.

Flavor Version Tinstall Tcheck Ttotal Status Flags
r-devel-linux-x86_64-debian-clang 1.0.1 4.77 55.73 60.50 NOTE
r-devel-linux-x86_64-debian-gcc 1.0.1 4.03 41.75 45.78 NOTE
r-devel-linux-x86_64-fedora-clang 1.0.1 78.77 OK
r-devel-linux-x86_64-fedora-gcc 1.0.1 76.36 OK
r-devel-windows-x86_64 1.0.1 6.00 62.00 68.00 OK
r-patched-linux-x86_64 1.0.1 9.43 52.95 62.38 OK
r-release-linux-x86_64 1.0.1 5.15 53.76 58.91 OK
r-release-macos-arm64 1.0.1 27.00 OK
r-release-macos-x86_64 1.0.1 41.00 OK
r-release-windows-x86_64 1.0.1 9.00 71.00 80.00 OK
r-oldrel-macos-arm64 1.0.1 32.00 OK
r-oldrel-windows-x86_64 1.0.1 8.00 72.00 80.00 OK

Check Details

Version: 1.0.1
Check: Rd files
Result: NOTE checkRd: (-1) geom_from_path.Rd:79: Lost braces in \itemize; meant \describe ? checkRd: (-1) geom_from_path.Rd:80: Lost braces in \itemize; meant \describe ? checkRd: (-1) geom_from_path.Rd:81: Lost braces in \itemize; meant \describe ? checkRd: (-1) geom_from_path.Rd:82: Lost braces in \itemize; meant \describe ? checkRd: (-1) geom_from_path.Rd:83: Lost braces in \itemize; meant \describe ? checkRd: (-1) geom_from_path.Rd:84: Lost braces in \itemize; meant \describe ? checkRd: (-1) geom_from_path.Rd:85: Lost braces in \itemize; meant \describe ? checkRd: (-1) geom_from_path.Rd:86: Lost braces in \itemize; meant \describe ? checkRd: (-1) geom_from_path.Rd:87-90: Lost braces in \itemize; meant \describe ? checkRd: (-1) geom_from_path.Rd:91-94: Lost braces in \itemize; meant \describe ? checkRd: (-1) geom_lines.Rd:77: Lost braces in \itemize; meant \describe ? checkRd: (-1) geom_lines.Rd:78: Lost braces in \itemize; meant \describe ? checkRd: (-1) geom_lines.Rd:79: Lost braces in \itemize; meant \describe ? checkRd: (-1) geom_lines.Rd:80: Lost braces in \itemize; meant \describe ? checkRd: (-1) geom_lines.Rd:81: Lost braces in \itemize; meant \describe ? checkRd: (-1) geom_lines.Rd:82: Lost braces in \itemize; meant \describe ? checkRd: (-1) geom_lines.Rd:83: Lost braces in \itemize; meant \describe ? Flavors: r-devel-linux-x86_64-debian-clang, r-devel-linux-x86_64-debian-gcc