CRAN Package Check Results for Package ggnuplot

Last updated on 2025-05-12 13:50:14 CEST.

Flavor Version Tinstall Tcheck Ttotal Status Flags
r-devel-linux-x86_64-debian-clang 0.1.0 4.60 41.04 45.64 OK
r-devel-linux-x86_64-debian-gcc 0.1.0 3.18 31.24 34.42 OK
r-devel-linux-x86_64-fedora-clang 0.1.0 72.30 OK
r-devel-linux-x86_64-fedora-gcc 0.1.0 74.69 OK
r-devel-windows-x86_64 0.1.0 6.00 56.00 62.00 OK
r-patched-linux-x86_64 0.1.0 5.08 37.83 42.91 OK
r-release-linux-x86_64 0.1.0 4.16 39.40 43.56 OK
r-release-macos-arm64 0.1.0 25.00 OK
r-release-macos-x86_64 0.1.0 37.00 OK
r-release-windows-x86_64 0.1.0 6.00 58.00 64.00 OK
r-oldrel-macos-arm64 0.1.0 22.00 NOTE
r-oldrel-macos-x86_64 0.1.0 31.00 NOTE
r-oldrel-windows-x86_64 0.1.0 7.00 63.00 70.00 NOTE

Check Details

Version: 0.1.0
Check: LazyData
Result: NOTE 'LazyData' is specified without a 'data' directory Flavors: r-oldrel-macos-arm64, r-oldrel-macos-x86_64, r-oldrel-windows-x86_64