Last updated on 2024-08-31 11:49:29 CEST.
Flavor | Version | Tinstall | Tcheck | Ttotal | Status | Flags |
---|---|---|---|---|---|---|
r-devel-linux-x86_64-debian-clang | 0.1.1 | 1.41 | 19.18 | 20.59 | OK | |
r-devel-linux-x86_64-debian-gcc | 0.1.1 | 1.53 | 15.70 | 17.23 | OK | |
r-devel-linux-x86_64-fedora-clang | 0.1.1 | 33.75 | NOTE | |||
r-devel-linux-x86_64-fedora-gcc | 0.1.1 | 32.90 | OK | |||
r-devel-windows-x86_64 | 0.1.1 | 4.00 | 40.00 | 44.00 | OK | |
r-patched-linux-x86_64 | 0.1.1 | 1.85 | 18.27 | 20.12 | OK | |
r-release-linux-x86_64 | 0.1.1 | 1.70 | 18.36 | 20.06 | OK | |
r-release-macos-arm64 | 0.1.1 | 15.00 | OK | |||
r-release-macos-x86_64 | 0.1.1 | 21.00 | OK | |||
r-release-windows-x86_64 | 0.1.1 | 3.00 | 48.00 | 51.00 | OK | |
r-oldrel-macos-arm64 | 0.1.1 | 16.00 | OK | |||
r-oldrel-macos-x86_64 | 0.1.1 | 19.00 | OK | |||
r-oldrel-windows-x86_64 | 0.1.1 | 3.00 | 41.00 | 44.00 | OK |
Version: 0.1.1
Check: Rd cross-references
Result: NOTE
Undeclared package ‘dwlm’ in Rd xrefs
Flavor: r-devel-linux-x86_64-fedora-clang