CRAN Package Check Results for Package ggm

Last updated on 2022-08-07 09:53:59 CEST.

Flavor Version Tinstall Tcheck Ttotal Status Flags
r-devel-linux-x86_64-debian-clang 2.5 9.57 78.56 88.13 NOTE
r-devel-linux-x86_64-debian-gcc 2.5 8.63 59.45 68.08 NOTE
r-devel-linux-x86_64-fedora-clang 2.5 114.85 NOTE
r-devel-linux-x86_64-fedora-gcc 2.5 116.45 NOTE
r-devel-windows-x86_64 2.5 17.00 105.00 122.00 NOTE
r-patched-linux-x86_64 2.5 13.53 75.57 89.10 OK
r-release-linux-x86_64 2.5 9.28 75.44 84.72 OK
r-release-macos-arm64 2.5 43.00 NOTE
r-release-macos-x86_64 2.5 51.00 NOTE
r-release-windows-x86_64 2.5 26.00 98.00 124.00 OK
r-oldrel-macos-arm64 2.5 58.00 NOTE
r-oldrel-macos-x86_64 2.5 66.00 NOTE
r-oldrel-windows-ix86+x86_64 2.5 20.00 91.00 111.00 OK

Check Details

Version: 2.5
Check: Rd files
Result: NOTE
    checkRd: (-1) In.Rd:21: Escaped LaTeX specials: \&
    checkRd: (-1) InducedGraphs.Rd:49: Escaped LaTeX specials: \&
    checkRd: (-1) InducedGraphs.Rd:86: Escaped LaTeX specials: \&
    checkRd: (-1) InducedGraphs.Rd:87: Escaped LaTeX specials: \&
    checkRd: (-1) InducedGraphs.Rd:89: Escaped LaTeX specials: \&
    checkRd: (-1) bfsearch.Rd:20: Escaped LaTeX specials: \&
    checkRd: (-1) bfsearch.Rd:30: Escaped LaTeX specials: \&
    checkRd: (-1) bfsearch.Rd:33: Escaped LaTeX specials: \&
    checkRd: (-1) checkIdent.Rd:29: Escaped LaTeX specials: \&
    checkRd: (-1) checkIdent.Rd:34: Escaped LaTeX specials: \&
    checkRd: (-1) correlations.Rd:22: Escaped LaTeX specials: \&
    checkRd: (-1) correlations.Rd:23: Escaped LaTeX specials: \&
    checkRd: (-1) cycleMatrix.Rd:27: Escaped LaTeX specials: \&
    checkRd: (-1) drawGraph.Rd:54: Escaped LaTeX specials: \&
    checkRd: (-1) edgematrix.Rd:35: Escaped LaTeX specials: \&
    checkRd: (-1) fitConGraph.Rd:44: Escaped LaTeX specials: \&
    checkRd: (-1) fitCovGraph.Rd:59: Escaped LaTeX specials: \&
    checkRd: (-1) fitDag.Rd:37: Escaped LaTeX specials: \&
    checkRd: (-1) fitDag.Rd:38: Escaped LaTeX specials: \&
    checkRd: (-1) fundCycles.Rd:27: Escaped LaTeX specials: \&
    checkRd: (-1) glucose.Rd:47: Escaped LaTeX specials: \&
    checkRd: (-1) glucose.Rd:48: Escaped LaTeX specials: \&
    checkRd: (-1) icf.Rd:38: Escaped LaTeX specials: \&
    checkRd: (-1) icf.Rd:44: Escaped LaTeX specials: \&
    checkRd: (-1) isAcyclic.Rd:20: Escaped LaTeX specials: \&
    checkRd: (-1) isGident.Rd:24: Escaped LaTeX specials: \&
    checkRd: (-1) isGident.Rd:31: Escaped LaTeX specials: \&
    checkRd: (-1) isGident.Rd:32: Escaped LaTeX specials: \&
    checkRd: (-1) parcor.Rd:24: Escaped LaTeX specials: \&
    checkRd: (-1) parcor.Rd:25: Escaped LaTeX specials: \&
    checkRd: (-1) rcorr.Rd:24: Escaped LaTeX specials: \&
    checkRd: (-1) rnormDag.Rd:36: Escaped LaTeX specials: \&
    checkRd: (-1) rnormDag.Rd:37: Escaped LaTeX specials: \&
    checkRd: (-1) stress.Rd:24: Escaped LaTeX specials: \&
    checkRd: (-1) stress.Rd:25: Escaped LaTeX specials: \&
    checkRd: (-1) topSort.Rd:35: Escaped LaTeX specials: \&
    checkRd: (-1) triDec.Rd:34: Escaped LaTeX specials: \&
    checkRd: (-1) triDec.Rd:35: Escaped LaTeX specials: \&
Flavors: r-devel-linux-x86_64-debian-clang, r-devel-linux-x86_64-debian-gcc, r-devel-linux-x86_64-fedora-clang, r-devel-linux-x86_64-fedora-gcc, r-devel-windows-x86_64

Version: 2.5
Check: dependencies in R code
Result: NOTE
    Namespace in Imports field not imported from: ‘graph’
     All declared Imports should be used.
Flavors: r-devel-linux-x86_64-fedora-clang, r-devel-linux-x86_64-fedora-gcc, r-release-macos-arm64, r-release-macos-x86_64, r-oldrel-macos-arm64, r-oldrel-macos-x86_64