CRAN Package Check Results for Package ggjoy

Last updated on 2022-07-04 12:54:10 CEST.

Flavor Version Tinstall Tcheck Ttotal Status Flags
r-devel-linux-x86_64-debian-clang 0.4.1 5.05 54.54 59.59 NOTE
r-devel-linux-x86_64-debian-gcc 0.4.1 4.39 40.35 44.74 NOTE
r-devel-linux-x86_64-fedora-clang 0.4.1 81.77 NOTE
r-devel-linux-x86_64-fedora-gcc 0.4.1 78.20 NOTE
r-devel-windows-x86_64 0.4.1 12.00 78.00 90.00 NOTE
r-patched-linux-x86_64 0.4.1 9.65 51.90 61.55 NOTE
r-release-linux-x86_64 0.4.1 4.58 50.53 55.11 NOTE
r-release-macos-arm64 0.4.1 23.00 NOTE
r-release-macos-x86_64 0.4.1 51.00 NOTE
r-release-windows-x86_64 0.4.1 14.00 79.00 93.00 NOTE
r-oldrel-macos-arm64 0.4.1 24.00 NOTE
r-oldrel-macos-x86_64 0.4.1 42.00 NOTE
r-oldrel-windows-ix86+x86_64 0.4.1 15.00 72.00 87.00 NOTE

Check Details

Version: 0.4.1
Check: LazyData
Result: NOTE
     'LazyData' is specified without a 'data' directory
Flavors: r-devel-linux-x86_64-debian-clang, r-devel-linux-x86_64-debian-gcc, r-devel-linux-x86_64-fedora-clang, r-devel-linux-x86_64-fedora-gcc, r-devel-windows-x86_64, r-patched-linux-x86_64, r-release-linux-x86_64, r-release-macos-arm64, r-release-macos-x86_64, r-release-windows-x86_64, r-oldrel-macos-arm64, r-oldrel-macos-x86_64, r-oldrel-windows-ix86+x86_64