Last updated on 2024-04-18 12:52:45 CEST.
Flavor | Version | Tinstall | Tcheck | Ttotal | Status | Flags |
---|---|---|---|---|---|---|
r-devel-linux-x86_64-debian-clang | 0.8.9 | 151.56 | 202.95 | 354.51 | OK | |
r-devel-linux-x86_64-debian-gcc | 0.8.9 | 110.50 | 151.48 | 261.98 | OK | |
r-devel-linux-x86_64-fedora-clang | 0.8.9 | 487.67 | OK | |||
r-devel-linux-x86_64-fedora-gcc | 0.8.9 | 476.00 | OK | |||
r-prerel-macos-arm64 | 0.8.9 | 100.00 | NOTE | |||
r-prerel-macos-x86_64 | 0.8.9 | 280.00 | NOTE | |||
r-prerel-windows-x86_64 | 0.8.9 | 124.00 | 190.00 | 314.00 | OK | |
r-patched-linux-x86_64 | 0.8.9 | 147.22 | 192.95 | 340.17 | OK | |
r-release-linux-x86_64 | 0.8.9 | 147.85 | 196.20 | 344.05 | OK | |
r-release-macos-arm64 | 0.8.9 | 116.00 | NOTE | |||
r-release-macos-x86_64 | 0.8.9 | 234.00 | NOTE | |||
r-release-windows-x86_64 | 0.8.9 | 151.00 | 245.00 | 396.00 | OK | |
r-oldrel-macos-arm64 | 0.8.9 | 107.00 | NOTE | |||
r-oldrel-windows-x86_64 | 0.8.9 | 144.00 | 229.00 | 373.00 | OK |
Version: 0.8.9
Check: installed package size
Result: NOTE
installed size is 7.0Mb
sub-directories of 1Mb or more:
libs 4.9Mb
Flavors: r-prerel-macos-arm64, r-prerel-macos-x86_64, r-release-macos-arm64, r-release-macos-x86_64, r-oldrel-macos-arm64