CRAN Package Check Results for Package ggip

Last updated on 2022-06-26 11:52:33 CEST.

Flavor Version Tinstall Tcheck Ttotal Status Flags
r-devel-linux-x86_64-debian-clang 0.2.0 38.88 85.11 123.99 NOTE
r-devel-linux-x86_64-debian-gcc 0.2.0 31.03 63.11 94.14 NOTE
r-devel-linux-x86_64-fedora-clang 0.2.0 172.94 NOTE
r-devel-linux-x86_64-fedora-gcc 0.2.0 161.19 NOTE
r-devel-windows-x86_64 0.2.0 51.00 131.00 182.00 NOTE
r-patched-linux-x86_64 0.2.0 35.54 79.46 115.00 NOTE
r-release-linux-x86_64 0.2.0 35.13 79.53 114.66 NOTE
r-release-macos-arm64 0.2.0 43.00 NOTE
r-release-macos-x86_64 0.2.0 102.00 NOTE
r-release-windows-x86_64 0.2.0 47.00 127.00 174.00 NOTE
r-oldrel-macos-arm64 0.2.0 57.00 NOTE
r-oldrel-macos-x86_64 0.2.0 84.00 NOTE
r-oldrel-windows-ix86+x86_64 0.2.0 107.00 154.00 261.00 NOTE

Check Details

Version: 0.2.0
Check: LazyData
Result: NOTE
     'LazyData' is specified without a 'data' directory
Flavors: r-devel-linux-x86_64-debian-clang, r-devel-linux-x86_64-debian-gcc, r-devel-linux-x86_64-fedora-clang, r-devel-linux-x86_64-fedora-gcc, r-devel-windows-x86_64, r-patched-linux-x86_64, r-release-linux-x86_64, r-release-macos-arm64, r-release-macos-x86_64, r-release-windows-x86_64, r-oldrel-macos-arm64, r-oldrel-macos-x86_64, r-oldrel-windows-ix86+x86_64