CRAN Package Check Results for Package gginference

Last updated on 2025-04-23 11:49:45 CEST.

Flavor Version Tinstall Tcheck Ttotal Status Flags
r-devel-linux-x86_64-debian-clang 0.1.3 5.17 43.34 48.51 OK
r-devel-linux-x86_64-debian-gcc 0.1.3 3.81 33.42 37.23 OK
r-devel-linux-x86_64-fedora-clang 0.1.3 77.06 NOTE
r-devel-linux-x86_64-fedora-gcc 0.1.3 75.85 NOTE
r-devel-windows-x86_64 0.1.3 9.00 63.00 72.00 OK
r-patched-linux-x86_64 0.1.3 5.28 41.78 47.06 OK
r-release-linux-x86_64 0.1.3 4.97 41.56 46.53 OK
r-release-macos-arm64 0.1.3 29.00 OK
r-release-macos-x86_64 0.1.3 44.00 OK
r-release-windows-x86_64 0.1.3 7.00 70.00 77.00 OK
r-oldrel-macos-arm64 0.1.3 26.00 OK
r-oldrel-macos-x86_64 0.1.3 38.00 OK
r-oldrel-windows-x86_64 0.1.3 8.00 70.00 78.00 OK

Check Details

Version: 0.1.3
Check: dependencies in R code
Result: NOTE Namespace in Imports field not imported from: ‘utils’ All declared Imports should be used. Flavors: r-devel-linux-x86_64-fedora-clang, r-devel-linux-x86_64-fedora-gcc