CRAN Package Check Results for Package ggimage

Last updated on 2025-04-19 12:49:25 CEST.

Flavor Version Tinstall Tcheck Ttotal Status Flags
r-devel-linux-x86_64-debian-clang 0.3.3 5.24 47.96 53.20 NOTE
r-devel-linux-x86_64-debian-gcc 0.3.3 4.07 34.75 38.82 NOTE
r-devel-linux-x86_64-fedora-clang 0.3.3 92.83 NOTE
r-devel-linux-x86_64-fedora-gcc 0.3.3 87.13 NOTE
r-devel-windows-x86_64 0.3.3 8.00 71.00 79.00 NOTE
r-patched-linux-x86_64 0.3.3 6.48 45.10 51.58 NOTE
r-release-linux-x86_64 0.3.3 6.07 45.01 51.08 NOTE
r-release-macos-arm64 0.3.3 27.00 NOTE
r-release-macos-x86_64 0.3.3 47.00 NOTE
r-release-windows-x86_64 0.3.3 8.00 71.00 79.00 NOTE
r-oldrel-macos-arm64 0.3.3 30.00 OK
r-oldrel-macos-x86_64 0.3.3 41.00 OK
r-oldrel-windows-x86_64 0.3.3 10.00 78.00 88.00 OK

Check Details

Version: 0.3.3
Check: DESCRIPTION meta-information
Result: NOTE Missing dependency on R >= 4.1.0 because package code uses the pipe |> or function shorthand \(...) syntax added in R 4.1.0. File(s) using such syntax: ‘geom_phylopic.R’ Flavors: r-devel-linux-x86_64-debian-clang, r-devel-linux-x86_64-debian-gcc, r-devel-linux-x86_64-fedora-clang, r-devel-linux-x86_64-fedora-gcc, r-devel-windows-x86_64, r-patched-linux-x86_64, r-release-linux-x86_64, r-release-macos-arm64, r-release-macos-x86_64, r-release-windows-x86_64