Last updated on 2024-04-23 10:54:04 CEST.
Flavor | Version | Tinstall | Tcheck | Ttotal | Status | Flags |
---|---|---|---|---|---|---|
r-devel-linux-x86_64-debian-clang | 0.1.4 | 6.42 | 66.63 | 73.05 | OK | |
r-devel-linux-x86_64-debian-gcc | 0.1.4 | 5.22 | 49.77 | 54.99 | OK | |
r-devel-linux-x86_64-fedora-clang | 0.1.4 | 98.65 | NOTE | |||
r-devel-linux-x86_64-fedora-gcc | 0.1.4 | 106.95 | NOTE | |||
r-prerel-macos-arm64 | 0.1.4 | 38.00 | OK | |||
r-prerel-windows-x86_64 | 0.1.4 | 9.00 | 68.00 | 77.00 | OK | |
r-patched-linux-x86_64 | 0.1.4 | 5.94 | 63.78 | 69.72 | OK | |
r-release-linux-x86_64 | 0.1.4 | 5.48 | 63.09 | 68.57 | OK | |
r-release-macos-arm64 | 0.1.4 | 36.00 | OK | |||
r-release-macos-x86_64 | 0.1.4 | 59.00 | OK | |||
r-release-windows-x86_64 | 0.1.4 | 10.00 | 76.00 | 86.00 | OK | |
r-oldrel-macos-arm64 | 0.1.4 | 35.00 | NOTE | |||
r-oldrel-windows-x86_64 | 0.1.4 | 11.00 | 77.00 | 88.00 | OK |
Version: 0.1.4
Check: dependencies in R code
Result: NOTE
Namespaces in Imports field not imported from:
‘grDevices’ ‘gtable’
All declared Imports should be used.
Flavors: r-devel-linux-x86_64-fedora-clang, r-devel-linux-x86_64-fedora-gcc, r-oldrel-macos-arm64