Last updated on 2024-03-29 09:55:24 CET.
Flavor | Version | Tinstall | Tcheck | Ttotal | Status | Flags |
---|---|---|---|---|---|---|
r-devel-linux-x86_64-debian-clang | 1.0.1 | 9.06 | 125.68 | 134.74 | NOTE | |
r-devel-linux-x86_64-debian-gcc | 1.0.1 | 7.71 | 94.69 | 102.40 | NOTE | |
r-devel-linux-x86_64-fedora-clang | 1.0.1 | 182.44 | NOTE | |||
r-devel-linux-x86_64-fedora-gcc | 1.0.1 | 167.23 | NOTE | |||
r-devel-windows-x86_64 | 1.0.1 | 12.00 | 108.00 | 120.00 | NOTE | |
r-patched-linux-x86_64 | 1.0.1 | 15.20 | 120.71 | 135.91 | NOTE | |
r-release-linux-x86_64 | 1.0.1 | 7.92 | 119.88 | 127.80 | OK | |
r-release-macos-arm64 | 1.0.1 | 55.00 | OK | |||
r-release-macos-x86_64 | 1.0.1 | 92.00 | OK | |||
r-release-windows-x86_64 | 1.0.1 | 12.00 | 131.00 | 143.00 | OK | |
r-oldrel-macos-arm64 | 1.0.1 | 41.00 | OK | |||
r-oldrel-windows-x86_64 | 1.0.1 | 12.00 | 137.00 | 149.00 | OK |
Version: 1.0.1
Check: Rd files
Result: NOTE
checkRd: (-1) render_context.Rd:42: Lost braces; missing escapes or markup?
42 | \item{xmin, ymin, xmax, ymax}{Boundaries of the area in pixels. {0,0} is the
| ^
Flavors: r-devel-linux-x86_64-debian-clang, r-devel-linux-x86_64-debian-gcc, r-devel-linux-x86_64-fedora-clang, r-devel-linux-x86_64-fedora-gcc, r-devel-windows-x86_64, r-patched-linux-x86_64