Last updated on 2022-06-28 12:52:25 CEST.
Flavor | Version | Tinstall | Tcheck | Ttotal | Status | Flags |
---|---|---|---|---|---|---|
r-devel-linux-x86_64-debian-clang | 0.1.3 | 10.59 | 125.48 | 136.07 | OK | |
r-devel-linux-x86_64-debian-gcc | 0.1.3 | 7.63 | 91.16 | 98.79 | OK | |
r-devel-linux-x86_64-fedora-clang | 0.1.3 | 164.12 | NOTE | |||
r-devel-linux-x86_64-fedora-gcc | 0.1.3 | 166.12 | NOTE | |||
r-devel-windows-x86_64 | 0.1.3 | 29.00 | 156.00 | 185.00 | OK | |
r-patched-linux-x86_64 | 0.1.3 | 14.27 | 117.38 | 131.65 | OK | |
r-release-linux-x86_64 | 0.1.3 | 7.21 | 119.40 | 126.61 | OK | |
r-release-macos-arm64 | 0.1.3 | 49.00 | NOTE | |||
r-release-macos-x86_64 | 0.1.3 | 111.00 | NOTE | |||
r-release-windows-x86_64 | 0.1.3 | 32.00 | 151.00 | 183.00 | OK | |
r-oldrel-macos-arm64 | 0.1.3 | 73.00 | NOTE | |||
r-oldrel-macos-x86_64 | 0.1.3 | 80.00 | NOTE | |||
r-oldrel-windows-ix86+x86_64 | 0.1.3 | 22.00 | 153.00 | 175.00 | OK |
Version: 0.1.3
Check: dependencies in R code
Result: NOTE
Namespaces in Imports field not imported from:
‘colorspace’ ‘grid’ ‘rstan’
All declared Imports should be used.
Flavors: r-devel-linux-x86_64-fedora-clang, r-devel-linux-x86_64-fedora-gcc, r-release-macos-arm64, r-release-macos-x86_64, r-oldrel-macos-arm64, r-oldrel-macos-x86_64