Last updated on 2022-06-28 12:52:25 CEST.
Flavor | Version | Tinstall | Tcheck | Ttotal | Status | Flags |
---|---|---|---|---|---|---|
r-devel-linux-x86_64-debian-clang | 0.3.6 | 6.81 | 190.59 | 197.40 | NOTE | |
r-devel-linux-x86_64-debian-gcc | 0.3.6 | 6.12 | 119.00 | 125.12 | NOTE | |
r-devel-linux-x86_64-fedora-clang | 0.3.6 | 205.81 | NOTE | |||
r-devel-linux-x86_64-fedora-gcc | 0.3.6 | 190.73 | NOTE | |||
r-devel-windows-x86_64 | 0.3.6 | 21.00 | 161.00 | 182.00 | NOTE | |
r-patched-linux-x86_64 | 0.3.6 | 10.26 | 147.40 | 157.66 | NOTE | |
r-release-linux-x86_64 | 0.3.6 | 7.76 | 145.38 | 153.14 | NOTE | |
r-release-macos-arm64 | 0.3.6 | 44.00 | NOTE | |||
r-release-macos-x86_64 | 0.3.6 | 85.00 | NOTE | |||
r-release-windows-x86_64 | 0.3.6 | 20.00 | 157.00 | 177.00 | NOTE | |
r-oldrel-macos-arm64 | 0.3.6 | 51.00 | NOTE | |||
r-oldrel-macos-x86_64 | 0.3.6 | 82.00 | NOTE | |||
r-oldrel-windows-ix86+x86_64 | 0.3.6 | 18.00 | 168.00 | 186.00 | NOTE |
Version: 0.3.6
Check: LazyData
Result: NOTE
'LazyData' is specified without a 'data' directory
Flavors: r-devel-linux-x86_64-debian-clang, r-devel-linux-x86_64-debian-gcc, r-devel-linux-x86_64-fedora-clang, r-devel-linux-x86_64-fedora-gcc, r-devel-windows-x86_64, r-patched-linux-x86_64, r-release-linux-x86_64, r-release-macos-arm64, r-release-macos-x86_64, r-release-windows-x86_64, r-oldrel-macos-arm64, r-oldrel-macos-x86_64, r-oldrel-windows-ix86+x86_64