CRAN Package Check Results for Package ggenealogy

Last updated on 2024-07-24 11:26:01 CEST.

Flavor Version Tinstall Tcheck Ttotal Status Flags
r-devel-linux-x86_64-debian-clang 1.0.3 4.30 215.76 220.06 OK
r-devel-linux-x86_64-debian-gcc 1.0.3 3.39 157.99 161.38 OK
r-devel-linux-x86_64-fedora-clang 1.0.3 261.16 NOTE
r-devel-linux-x86_64-fedora-gcc 1.0.3 277.94 NOTE
r-devel-windows-x86_64 1.0.3 8.00 174.00 182.00 OK
r-patched-linux-x86_64 1.0.3 5.50 206.10 211.60 OK
r-release-linux-x86_64 1.0.3 2.85 201.59 204.44 OK
r-release-macos-arm64 1.0.3 76.00 OK
r-release-macos-x86_64 1.0.3 134.00 OK
r-release-windows-x86_64 1.0.3 6.00 170.00 176.00 OK
r-oldrel-macos-arm64 1.0.3 117.00 OK
r-oldrel-macos-x86_64 1.0.3 300.00 OK
r-oldrel-windows-x86_64 1.0.3 7.00 228.00 235.00 OK

Check Details

Version: 1.0.3
Check: data for non-ASCII characters
Result: NOTE Note: found 2356 marked UTF-8 strings Flavors: r-devel-linux-x86_64-fedora-clang, r-devel-linux-x86_64-fedora-gcc