CRAN Package Check Results for Package ggTimeSeries

Last updated on 2024-02-22 12:48:27 CET.

Flavor Version Tinstall Tcheck Ttotal Status Flags
r-devel-linux-x86_64-debian-clang 1.0.2 NOTE
r-devel-linux-x86_64-debian-gcc 1.0.2 5.03 54.04 59.07 NOTE
r-devel-linux-x86_64-fedora-clang 1.0.2 99.90 NOTE
r-devel-linux-x86_64-fedora-gcc 1.0.2 111.29 NOTE
r-devel-windows-x86_64 1.0.2 8.00 74.00 82.00 NOTE
r-patched-linux-x86_64 1.0.2 5.41 70.02 75.43 NOTE
r-release-linux-x86_64 1.0.2 6.53 70.62 77.15 NOTE
r-release-macos-arm64 1.0.2 38.00 NOTE
r-release-macos-x86_64 1.0.2 61.00 NOTE
r-release-windows-x86_64 1.0.2 9.00 86.00 95.00 NOTE
r-oldrel-macos-arm64 1.0.2 31.00 OK
r-oldrel-windows-x86_64 1.0.2 10.00 90.00 100.00 OK

Check Details

Version: 1.0.2
Check: package subdirectories
Result: NOTE Problems with news in ‘NEWS.md’: Cannot extract version info from the following section titles: Win CRAN check results - R Windows Flavors: r-devel-linux-x86_64-debian-clang, r-devel-linux-x86_64-debian-gcc, r-devel-linux-x86_64-fedora-clang, r-devel-linux-x86_64-fedora-gcc, r-devel-windows-x86_64, r-patched-linux-x86_64, r-release-linux-x86_64, r-release-macos-arm64, r-release-macos-x86_64, r-release-windows-x86_64