Last updated on 2022-06-25 10:53:04 CEST.
Flavor | Version | Tinstall | Tcheck | Ttotal | Status | Flags |
---|---|---|---|---|---|---|
r-devel-linux-x86_64-debian-clang | 2.2.0 | 72.50 | 594.25 | 666.75 | NOTE | |
r-devel-linux-x86_64-debian-gcc | 2.2.0 | 66.02 | 386.62 | 452.64 | NOTE | |
r-devel-linux-x86_64-fedora-clang | 2.2.0 | 842.77 | NOTE | |||
r-devel-linux-x86_64-fedora-gcc | 2.2.0 | 736.11 | NOTE | |||
r-devel-windows-x86_64 | 2.2.0 | 192.00 | 510.00 | 702.00 | NOTE | |
r-patched-linux-x86_64 | 2.2.0 | 57.55 | 500.56 | 558.11 | OK | |
r-release-linux-x86_64 | 2.2.0 | 54.67 | 507.49 | 562.16 | OK | |
r-release-macos-arm64 | 2.2.0 | 221.00 | NOTE | |||
r-release-macos-x86_64 | 2.2.0 | 339.00 | NOTE | |||
r-release-windows-x86_64 | 2.2.0 | 195.00 | 507.00 | 702.00 | NOTE | |
r-oldrel-macos-arm64 | 2.2.0 | 229.00 | NOTE | |||
r-oldrel-macos-x86_64 | 2.2.0 | 308.00 | NOTE | |||
r-oldrel-windows-ix86+x86_64 | 2.2.0 | 111.00 | 483.00 | 594.00 | NOTE |
Version: 2.2.0
Check: Rd files
Result: NOTE
checkRd: (-1) interaction_data.Rd:174: Escaped LaTeX specials: \&
checkRd: (-1) partial_data.Rd:163: Escaped LaTeX specials: \&
checkRd: (-1) rfsrc_data.Rd:154: Escaped LaTeX specials: \&
checkRd: (-1) varsel_data.Rd:156: Escaped LaTeX specials: \&
Flavors: r-devel-linux-x86_64-debian-clang, r-devel-linux-x86_64-debian-gcc, r-devel-linux-x86_64-fedora-clang, r-devel-linux-x86_64-fedora-gcc, r-devel-windows-x86_64
Version: 2.2.0
Check: installed package size
Result: NOTE
installed size is 5.9Mb
sub-directories of 1Mb or more:
data 3.6Mb
doc 1.9Mb
Flavors: r-devel-linux-x86_64-fedora-clang, r-devel-windows-x86_64, r-release-macos-arm64, r-release-macos-x86_64, r-release-windows-x86_64, r-oldrel-macos-arm64, r-oldrel-macos-x86_64, r-oldrel-windows-ix86+x86_64