Last updated on 2024-04-23 10:54:04 CEST.
Flavor | Version | Tinstall | Tcheck | Ttotal | Status | Flags |
---|---|---|---|---|---|---|
r-devel-linux-x86_64-debian-clang | 0.10.1 | 6.70 | 65.90 | 72.60 | NOTE | |
r-devel-linux-x86_64-debian-gcc | 0.10.1 | 5.17 | 49.27 | 54.44 | NOTE | |
r-devel-linux-x86_64-fedora-clang | 0.10.1 | 94.83 | NOTE | |||
r-devel-linux-x86_64-fedora-gcc | 0.10.1 | 105.79 | NOTE | |||
r-prerel-macos-arm64 | 0.10.1 | 37.00 | OK | |||
r-prerel-windows-x86_64 | 0.10.1 | 6.00 | 72.00 | 78.00 | OK | |
r-patched-linux-x86_64 | 0.10.1 | 6.93 | 62.71 | 69.64 | NOTE | |
r-release-linux-x86_64 | 0.10.1 | 5.20 | 61.14 | 66.34 | NOTE | |
r-release-macos-arm64 | 0.10.1 | 37.00 | OK | |||
r-release-macos-x86_64 | 0.10.1 | 63.00 | OK | |||
r-release-windows-x86_64 | 0.10.1 | 9.00 | 78.00 | 87.00 | OK | |
r-oldrel-macos-arm64 | 0.10.1 | 44.00 | OK | |||
r-oldrel-windows-x86_64 | 0.10.1 | 8.00 | 80.00 | 88.00 | OK |
Version: 0.10.1
Check: R code for possible problems
Result: NOTE
Found the following assignments to the global environment:
File ‘ggExtra/R/ggMarginalGadget.R’:
assign(plotname, eval(parse(text = origPlot)), envir = .GlobalEnv)
Flavors: r-devel-linux-x86_64-debian-clang, r-devel-linux-x86_64-debian-gcc, r-devel-linux-x86_64-fedora-clang, r-patched-linux-x86_64, r-release-linux-x86_64
Version: 0.10.1
Check: dependencies in R code
Result: NOTE
Namespaces in Imports field not imported from:
‘R6’ ‘scales’ ‘utils’
All declared Imports should be used.
Flavors: r-devel-linux-x86_64-fedora-clang, r-devel-linux-x86_64-fedora-gcc