Last updated on 2022-06-30 11:53:08 CEST.
Flavor | Version | Tinstall | Tcheck | Ttotal | Status | Flags |
---|---|---|---|---|---|---|
r-devel-linux-x86_64-debian-clang | 0.10.0 | 5.67 | 59.64 | 65.31 | NOTE | |
r-devel-linux-x86_64-debian-gcc | 0.10.0 | 5.95 | 44.46 | 50.41 | NOTE | |
r-devel-linux-x86_64-fedora-clang | 0.10.0 | 86.67 | NOTE | |||
r-devel-linux-x86_64-fedora-gcc | 0.10.0 | 84.18 | NOTE | |||
r-devel-windows-x86_64 | 0.10.0 | 340.00 | 96.00 | 436.00 | OK | |
r-patched-linux-x86_64 | 0.10.0 | 6.78 | 56.79 | 63.57 | NOTE | |
r-release-linux-x86_64 | 0.10.0 | 6.48 | 54.47 | 60.95 | NOTE | |
r-release-macos-arm64 | 0.10.0 | 35.00 | NOTE | |||
r-release-macos-x86_64 | 0.10.0 | 52.00 | NOTE | |||
r-release-windows-x86_64 | 0.10.0 | 930.00 | 92.00 | 1022.00 | OK | |
r-oldrel-macos-arm64 | 0.10.0 | 31.00 | NOTE | |||
r-oldrel-macos-x86_64 | 0.10.0 | 41.00 | NOTE | |||
r-oldrel-windows-ix86+x86_64 | 0.10.0 | 15.00 | 93.00 | 108.00 | OK |
Version: 0.10.0
Check: R code for possible problems
Result: NOTE
Found the following assignments to the global environment:
File 'ggExtra/R/ggMarginalGadget.R':
assign(plotname, eval(parse(text = origPlot)), envir = .GlobalEnv)
Flavors: r-devel-linux-x86_64-debian-clang, r-devel-linux-x86_64-debian-gcc, r-devel-linux-x86_64-fedora-clang, r-patched-linux-x86_64, r-release-linux-x86_64
Version: 0.10.0
Check: dependencies in R code
Result: NOTE
Namespaces in Imports field not imported from:
‘R6’ ‘grDevices’ ‘scales’ ‘utils’
All declared Imports should be used.
Flavors: r-devel-linux-x86_64-fedora-clang, r-devel-linux-x86_64-fedora-gcc, r-release-macos-arm64, r-release-macos-x86_64, r-oldrel-macos-arm64, r-oldrel-macos-x86_64