Last updated on 2022-06-27 11:50:44 CEST.
Flavor | Version | Tinstall | Tcheck | Ttotal | Status | Flags |
---|---|---|---|---|---|---|
r-devel-linux-x86_64-debian-clang | 0.1.0 | 25.52 | 260.75 | 286.27 | OK | |
r-devel-linux-x86_64-debian-gcc | 0.1.0 | 23.78 | 189.33 | 213.11 | OK | |
r-devel-linux-x86_64-fedora-clang | 0.1.0 | 337.47 | WARN | |||
r-devel-linux-x86_64-fedora-gcc | 0.1.0 | 339.80 | WARN | |||
r-devel-windows-x86_64 | 0.1.0 | 32.00 | 283.00 | 315.00 | OK | |
r-patched-linux-x86_64 | 0.1.0 | 26.88 | 244.23 | 271.11 | OK | |
r-release-linux-x86_64 | 0.1.0 | 22.59 | 239.11 | 261.70 | OK | |
r-release-macos-arm64 | 0.1.0 | 87.00 | OK | |||
r-release-macos-x86_64 | 0.1.0 | 151.00 | OK | |||
r-release-windows-x86_64 | 0.1.0 | 51.00 | 278.00 | 329.00 | OK | |
r-oldrel-macos-arm64 | 0.1.0 | 61.00 | OK | |||
r-oldrel-macos-x86_64 | 0.1.0 | 113.00 | OK | |||
r-oldrel-windows-ix86+x86_64 | 0.1.0 | 60.00 | 292.00 | 352.00 | OK |
Version: 0.1.0
Check: package dependencies
Result: WARN
Requires orphaned package: ‘gtools’
Flavors: r-devel-linux-x86_64-fedora-clang, r-devel-linux-x86_64-fedora-gcc