CRAN Package Check Results for Package ggDCA

Last updated on 2022-06-26 11:52:33 CEST.

Flavor Version Tinstall Tcheck Ttotal Status Flags
r-devel-linux-x86_64-debian-clang 1.1 16.17 128.17 144.34 OK
r-devel-linux-x86_64-debian-gcc 1.1 13.66 95.95 109.61 OK
r-devel-linux-x86_64-fedora-clang 1.1 182.05 NOTE
r-devel-linux-x86_64-fedora-gcc 1.1 180.08 NOTE
r-devel-windows-x86_64 1.1 20.00 142.00 162.00 OK
r-patched-linux-x86_64 1.1 16.42 121.56 137.98 OK
r-release-linux-x86_64 1.1 12.96 121.26 134.22 OK
r-release-macos-arm64 1.1 58.00 NOTE
r-release-macos-x86_64 1.1 84.00 NOTE
r-release-windows-x86_64 1.1 21.00 139.00 160.00 OK
r-oldrel-macos-arm64 1.1 58.00 NOTE
r-oldrel-macos-x86_64 1.1 82.00 NOTE
r-oldrel-windows-ix86+x86_64 1.1 37.00 135.00 172.00 OK

Check Details

Version: 1.1
Check: dependencies in R code
Result: NOTE
    Namespaces in Imports field not imported from:
     ‘do’ ‘survival’
     All declared Imports should be used.
Flavors: r-devel-linux-x86_64-fedora-clang, r-devel-linux-x86_64-fedora-gcc, r-release-macos-arm64, r-release-macos-x86_64, r-oldrel-macos-arm64, r-oldrel-macos-x86_64