CRAN Package Check Results for Package ggChernoff

Last updated on 2022-07-06 12:53:36 CEST.

Flavor Version Tinstall Tcheck Ttotal Status Flags
r-devel-linux-x86_64-debian-clang 0.2.0 4.71 69.84 74.55 NOTE
r-devel-linux-x86_64-debian-gcc 0.2.0 4.34 51.46 55.80 NOTE
r-devel-linux-x86_64-fedora-clang 0.2.0 95.97 NOTE
r-devel-linux-x86_64-fedora-gcc 0.2.0 93.92 NOTE
r-devel-windows-x86_64 0.2.0 14.00 91.00 105.00 NOTE
r-patched-linux-x86_64 0.2.0 7.68 63.22 70.90 NOTE
r-release-linux-x86_64 0.2.0 4.51 65.49 70.00 NOTE
r-release-macos-arm64 0.2.0 25.00 NOTE
r-release-macos-x86_64 0.2.0 45.00 NOTE
r-release-windows-x86_64 0.2.0 12.00 93.00 105.00 NOTE
r-oldrel-macos-arm64 0.2.0 29.00 NOTE
r-oldrel-macos-x86_64 0.2.0 42.00 NOTE
r-oldrel-windows-ix86+x86_64 0.2.0 15.00 83.00 98.00 NOTE

Check Details

Version: 0.2.0
Check: LazyData
Result: NOTE
     'LazyData' is specified without a 'data' directory
Flavors: r-devel-linux-x86_64-debian-clang, r-devel-linux-x86_64-debian-gcc, r-devel-linux-x86_64-fedora-clang, r-devel-linux-x86_64-fedora-gcc, r-devel-windows-x86_64, r-patched-linux-x86_64, r-release-linux-x86_64, r-release-macos-arm64, r-release-macos-x86_64, r-release-windows-x86_64, r-oldrel-macos-arm64, r-oldrel-macos-x86_64, r-oldrel-windows-ix86+x86_64