CRAN Package Check Results for Package gg.gap

Last updated on 2022-07-05 11:49:54 CEST.

Flavor Version Tinstall Tcheck Ttotal Status Flags
r-devel-linux-x86_64-debian-clang 1.3 5.42 56.34 61.76 NOTE
r-devel-linux-x86_64-debian-gcc 1.3 4.20 41.80 46.00 NOTE
r-devel-linux-x86_64-fedora-clang 1.3 82.42 NOTE
r-devel-linux-x86_64-fedora-gcc 1.3 80.17 NOTE
r-devel-windows-x86_64 1.3 8.00 79.00 87.00 NOTE
r-patched-linux-x86_64 1.3 4.84 52.60 57.44 NOTE
r-release-linux-x86_64 1.3 4.48 52.09 56.57 NOTE
r-release-macos-arm64 1.3 23.00 NOTE
r-release-macos-x86_64 1.3 42.00 NOTE
r-release-windows-x86_64 1.3 12.00 78.00 90.00 NOTE
r-oldrel-macos-arm64 1.3 27.00 NOTE
r-oldrel-macos-x86_64 1.3 37.00 NOTE
r-oldrel-windows-ix86+x86_64 1.3 15.00 73.00 88.00 NOTE

Check Details

Version: 1.3
Check: LazyData
Result: NOTE
     'LazyData' is specified without a 'data' directory
Flavors: r-devel-linux-x86_64-debian-clang, r-devel-linux-x86_64-debian-gcc, r-devel-linux-x86_64-fedora-clang, r-devel-linux-x86_64-fedora-gcc, r-devel-windows-x86_64, r-patched-linux-x86_64, r-release-linux-x86_64, r-release-macos-arm64, r-release-macos-x86_64, r-release-windows-x86_64, r-oldrel-macos-arm64, r-oldrel-macos-x86_64, r-oldrel-windows-ix86+x86_64