Last updated on 2025-05-12 13:50:14 CEST.
Flavor | Version | Tinstall | Tcheck | Ttotal | Status | Flags |
---|---|---|---|---|---|---|
r-devel-linux-x86_64-debian-clang | 1.0.0 | 6.92 | 62.27 | 69.19 | OK | |
r-devel-linux-x86_64-debian-gcc | 1.0.0 | 4.98 | 44.41 | 49.39 | OK | |
r-devel-linux-x86_64-fedora-clang | 1.0.0 | 102.72 | OK | |||
r-devel-linux-x86_64-fedora-gcc | 1.0.0 | 103.00 | OK | |||
r-devel-windows-x86_64 | 1.0.0 | 8.00 | 68.00 | 76.00 | OK | |
r-patched-linux-x86_64 | 1.0.0 | 6.83 | 59.41 | 66.24 | OK | |
r-release-linux-x86_64 | 1.0.0 | 6.76 | 57.96 | 64.72 | OK | |
r-release-macos-arm64 | 1.0.0 | 38.00 | OK | |||
r-release-macos-x86_64 | 1.0.0 | 98.00 | OK | |||
r-release-windows-x86_64 | 1.0.0 | 8.00 | 71.00 | 79.00 | OK | |
r-oldrel-macos-arm64 | 1.0.0 | 33.00 | NOTE | |||
r-oldrel-macos-x86_64 | 1.0.0 | 53.00 | NOTE | |||
r-oldrel-windows-x86_64 | 1.0.0 | 10.00 | 86.00 | 96.00 | NOTE |
Version: 1.0.0
Check: LazyData
Result: NOTE
'LazyData' is specified without a 'data' directory
Flavors: r-oldrel-macos-arm64, r-oldrel-macos-x86_64, r-oldrel-windows-x86_64