Last updated on 2024-03-29 09:55:24 CET.
Flavor | Version | Tinstall | Tcheck | Ttotal | Status | Flags |
---|---|---|---|---|---|---|
r-devel-linux-x86_64-debian-clang | 1.0.0 | 6.89 | 73.17 | 80.06 | NOTE | |
r-devel-linux-x86_64-debian-gcc | 1.0.0 | 6.58 | 56.15 | 62.73 | NOTE | |
r-devel-linux-x86_64-fedora-clang | 1.0.0 | 107.19 | NOTE | |||
r-devel-linux-x86_64-fedora-gcc | 1.0.0 | 100.48 | NOTE | |||
r-devel-windows-x86_64 | 1.0.0 | 8.00 | 69.00 | 77.00 | NOTE | |
r-patched-linux-x86_64 | 1.0.0 | 7.03 | 70.21 | 77.24 | NOTE | |
r-release-linux-x86_64 | 1.0.0 | 7.56 | 74.94 | 82.50 | NOTE | |
r-release-macos-arm64 | 1.0.0 | 35.00 | NOTE | |||
r-release-macos-x86_64 | 1.0.0 | 55.00 | NOTE | |||
r-release-windows-x86_64 | 1.0.0 | 9.00 | 82.00 | 91.00 | NOTE | |
r-oldrel-macos-arm64 | 1.0.0 | 35.00 | NOTE | |||
r-oldrel-windows-x86_64 | 1.0.0 | 10.00 | 84.00 | 94.00 | NOTE |
Version: 1.0.0
Check: LazyData
Result: NOTE
'LazyData' is specified without a 'data' directory
Flavors: r-devel-linux-x86_64-debian-clang, r-devel-linux-x86_64-debian-gcc, r-devel-linux-x86_64-fedora-clang, r-devel-linux-x86_64-fedora-gcc, r-devel-windows-x86_64, r-patched-linux-x86_64, r-release-linux-x86_64, r-release-macos-arm64, r-release-macos-x86_64, r-release-windows-x86_64, r-oldrel-macos-arm64, r-oldrel-windows-x86_64