Last updated on 2023-11-28 13:50:54 CET.
Flavor | Version | Tinstall | Tcheck | Ttotal | Status | Flags |
---|---|---|---|---|---|---|
r-devel-linux-x86_64-debian-clang | 0.37 | 14.35 | 117.78 | 132.13 | NOTE | |
r-devel-linux-x86_64-debian-gcc | 0.37 | 11.67 | 87.79 | 99.46 | NOTE | |
r-devel-linux-x86_64-fedora-clang | 0.37 | 165.11 | OK | |||
r-devel-linux-x86_64-fedora-gcc | 0.37 | 169.11 | OK | |||
r-devel-windows-x86_64 | 0.37 | 13.00 | 140.00 | 153.00 | OK | |
r-patched-linux-x86_64 | 0.37 | 17.15 | 113.17 | 130.32 | OK | |
r-release-linux-x86_64 | 0.37 | 12.66 | 112.92 | 125.58 | OK | |
r-release-macos-arm64 | 0.37 | 50.00 | OK | |||
r-release-macos-x86_64 | 0.37 | 120.00 | OK | |||
r-release-windows-x86_64 | 0.37 | 16.00 | 156.00 | 172.00 | OK | |
r-oldrel-macos-arm64 | 0.37 | 46.00 | OK | |||
r-oldrel-macos-x86_64 | 0.37 | 61.00 | OK | |||
r-oldrel-windows-x86_64 | 0.37 | 19.00 | 151.00 | 170.00 | OK |
Version: 0.37
Check: Rd files
Result: NOTE
checkRd: (-1) vargaugeiis.Rd:22: Lost braces
22 | \details{The function computes the variance of the Gauge (false-positive rate of outliers in impulse indicator saturation) for a given level of significance of selection (\code{t.pval}) and sample size ({\code{T}) based on Jiao and Pretis (2019). This is an auxilliary function used within the \code{\link{outliertest}} function.}}
| ^
Flavors: r-devel-linux-x86_64-debian-clang, r-devel-linux-x86_64-debian-gcc