CRAN Package Check Results for Package getable

Last updated on 2022-07-04 12:54:10 CEST.

Flavor Version Tinstall Tcheck Ttotal Status Flags
r-devel-linux-x86_64-debian-clang 1.0.3 2.13 24.84 26.97 NOTE
r-devel-linux-x86_64-debian-gcc 1.0.3 1.72 19.06 20.78 NOTE
r-devel-linux-x86_64-fedora-clang 1.0.3 44.36 NOTE
r-devel-linux-x86_64-fedora-gcc 1.0.3 42.79 NOTE
r-devel-windows-x86_64 1.0.3 20.00 51.00 71.00 NOTE
r-patched-linux-x86_64 1.0.3 2.25 23.75 26.00 NOTE
r-release-linux-x86_64 1.0.3 1.62 24.05 25.67 NOTE
r-release-macos-arm64 1.0.3 18.00 NOTE
r-release-macos-x86_64 1.0.3 21.00 NOTE
r-release-windows-x86_64 1.0.3 14.00 51.00 65.00 NOTE
r-oldrel-macos-arm64 1.0.3 21.00 NOTE
r-oldrel-macos-x86_64 1.0.3 29.00 NOTE
r-oldrel-windows-ix86+x86_64 1.0.3 6.00 54.00 60.00 NOTE

Check Details

Version: 1.0.3
Check: LazyData
Result: NOTE
     'LazyData' is specified without a 'data' directory
Flavors: r-devel-linux-x86_64-debian-clang, r-devel-linux-x86_64-debian-gcc, r-devel-linux-x86_64-fedora-clang, r-devel-linux-x86_64-fedora-gcc, r-devel-windows-x86_64, r-patched-linux-x86_64, r-release-linux-x86_64, r-release-macos-arm64, r-release-macos-x86_64, r-release-windows-x86_64, r-oldrel-macos-arm64, r-oldrel-macos-x86_64, r-oldrel-windows-ix86+x86_64