CRAN Package Check Results for Package gesso

Last updated on 2022-06-25 10:53:04 CEST.

Flavor Version Tinstall Tcheck Ttotal Status Flags
r-devel-linux-x86_64-debian-clang 1.0.2 163.37 209.95 373.32 OK
r-devel-linux-x86_64-debian-gcc 1.0.2 145.95 162.29 308.24 OK
r-devel-linux-x86_64-fedora-clang 1.0.2 517.29 NOTE
r-devel-linux-x86_64-fedora-gcc 1.0.2 517.62 OK
r-devel-windows-x86_64 1.0.2 135.00 217.00 352.00 OK
r-patched-linux-x86_64 1.0.2 157.74 210.00 367.74 OK
r-release-linux-x86_64 1.0.2 158.70 205.39 364.09 OK
r-release-macos-arm64 1.0.2 127.00 NOTE
r-release-macos-x86_64 1.0.2 189.00 NOTE
r-release-windows-x86_64 1.0.2 136.00 214.00 350.00 OK
r-oldrel-macos-arm64 1.0.2 728.00 NOTE
r-oldrel-macos-x86_64 1.0.2 144.00 NOTE
r-oldrel-windows-ix86+x86_64 1.0.2 338.00 279.00 617.00 OK

Check Details

Version: 1.0.2
Check: installed package size
Result: NOTE
     installed size is 31.4Mb
     sub-directories of 1Mb or more:
     libs 31.0Mb
Flavors: r-devel-linux-x86_64-fedora-clang, r-release-macos-arm64, r-release-macos-x86_64, r-oldrel-macos-arm64, r-oldrel-macos-x86_64