Last updated on 2024-04-18 12:52:45 CEST.
Flavor | Version | Tinstall | Tcheck | Ttotal | Status | Flags |
---|---|---|---|---|---|---|
r-devel-linux-x86_64-debian-clang | 1.0.2 | 178.44 | 203.56 | 382.00 | NOTE | |
r-devel-linux-x86_64-debian-gcc | 1.0.2 | 162.63 | 162.97 | 325.60 | NOTE | |
r-devel-linux-x86_64-fedora-clang | 1.0.2 | 484.45 | NOTE | |||
r-devel-linux-x86_64-fedora-gcc | 1.0.2 | 606.86 | NOTE | |||
r-prerel-macos-arm64 | 1.0.2 | 119.00 | NOTE | |||
r-prerel-windows-x86_64 | 1.0.2 | 132.00 | 153.00 | 285.00 | NOTE | |
r-patched-linux-x86_64 | 1.0.2 | 196.32 | 209.01 | 405.33 | NOTE | |
r-release-linux-x86_64 | 1.0.2 | 204.38 | 216.78 | 421.16 | NOTE | |
r-release-macos-arm64 | 1.0.2 | 136.00 | NOTE | |||
r-release-macos-x86_64 | 1.0.2 | 209.00 | NOTE | |||
r-release-windows-x86_64 | 1.0.2 | 163.00 | 199.00 | 362.00 | NOTE | |
r-oldrel-macos-arm64 | 1.0.2 | 127.00 | NOTE | |||
r-oldrel-windows-x86_64 | 1.0.2 | 151.00 | 189.00 | 340.00 | OK |
Version: 1.0.2
Check: C++ specification
Result: NOTE
Specified C++11: please drop specification unless essential
Flavors: r-devel-linux-x86_64-debian-clang, r-devel-linux-x86_64-debian-gcc, r-devel-linux-x86_64-fedora-clang, r-devel-linux-x86_64-fedora-gcc, r-prerel-macos-arm64, r-prerel-windows-x86_64, r-patched-linux-x86_64, r-release-linux-x86_64, r-release-macos-arm64, r-release-macos-x86_64, r-release-windows-x86_64
Version: 1.0.2
Check: Rd files
Result: NOTE
checkRd: (-1) gesso.cv.Rd:46: Lost braces in \itemize; \value handles \item{}{} directly
checkRd: (-1) gesso.cv.Rd:47: Lost braces in \itemize; \value handles \item{}{} directly
checkRd: (-1) gesso.cv.Rd:48: Lost braces in \itemize; \value handles \item{}{} directly
checkRd: (-1) gesso.cv.Rd:49: Lost braces in \itemize; \value handles \item{}{} directly
checkRd: (-1) gesso.cv.Rd:50: Lost braces in \itemize; \value handles \item{}{} directly
Flavors: r-devel-linux-x86_64-debian-clang, r-devel-linux-x86_64-debian-gcc, r-devel-linux-x86_64-fedora-clang, r-devel-linux-x86_64-fedora-gcc, r-prerel-macos-arm64, r-prerel-windows-x86_64, r-patched-linux-x86_64
Version: 1.0.2
Check: installed package size
Result: NOTE
installed size is 33.2Mb
sub-directories of 1Mb or more:
libs 32.9Mb
Flavors: r-prerel-macos-arm64, r-release-macos-arm64, r-release-macos-x86_64, r-oldrel-macos-arm64