Last updated on 2024-04-18 12:52:45 CEST.
Flavor | Version | Tinstall | Tcheck | Ttotal | Status | Flags |
---|---|---|---|---|---|---|
r-devel-linux-x86_64-debian-clang | 0.2.4 | 132.49 | 33.76 | 166.25 | OK | |
r-devel-linux-x86_64-debian-gcc | 0.2.4 | 103.12 | 26.82 | 129.94 | OK | |
r-devel-linux-x86_64-fedora-clang | 0.2.4 | 254.43 | OK | |||
r-devel-linux-x86_64-fedora-gcc | 0.2.4 | 285.85 | OK | |||
r-prerel-macos-arm64 | 0.2.4 | 53.00 | NOTE | |||
r-prerel-windows-x86_64 | 0.2.4 | 102.00 | 70.00 | 172.00 | OK | |
r-patched-linux-x86_64 | 0.2.4 | 136.89 | 32.63 | 169.52 | OK | |
r-release-linux-x86_64 | 0.2.4 | 126.33 | 31.45 | 157.78 | OK | |
r-release-macos-arm64 | 0.2.4 | 73.00 | NOTE | |||
r-release-macos-x86_64 | 0.2.4 | 144.00 | OK | |||
r-release-windows-x86_64 | 0.2.4 | 102.00 | 77.00 | 179.00 | OK | |
r-oldrel-macos-arm64 | 0.2.4 | 69.00 | OK | |||
r-oldrel-windows-x86_64 | 0.2.4 | 116.00 | 77.00 | 193.00 | OK |
Version: 0.2.4
Check: installed package size
Result: NOTE
installed size is 5.0Mb
sub-directories of 1Mb or more:
libs 4.6Mb
Flavors: r-prerel-macos-arm64, r-release-macos-arm64