Last updated on 2022-07-04 12:54:10 CEST.
Flavor | Version | Tinstall | Tcheck | Ttotal | Status | Flags |
---|---|---|---|---|---|---|
r-devel-linux-x86_64-debian-clang | 2.0.3 | 103.78 | 36.05 | 139.83 | OK | |
r-devel-linux-x86_64-debian-gcc | 2.0.3 | 78.26 | 27.59 | 105.85 | OK | |
r-devel-linux-x86_64-fedora-clang | 2.0.3 | 200.27 | NOTE | |||
r-devel-linux-x86_64-fedora-gcc | 2.0.3 | 181.87 | OK | |||
r-devel-windows-x86_64 | 2.0.3 | 105.00 | 87.00 | 192.00 | OK | |
r-patched-linux-x86_64 | 2.0.3 | 91.94 | 34.77 | 126.71 | OK | |
r-release-linux-x86_64 | 2.0.3 | 81.11 | 34.91 | 116.02 | OK | |
r-release-macos-arm64 | 2.0.3 | 48.00 | NOTE | |||
r-release-macos-x86_64 | 2.0.3 | 63.00 | NOTE | |||
r-release-windows-x86_64 | 2.0.3 | 136.00 | 90.00 | 226.00 | OK | |
r-oldrel-macos-arm64 | 2.0.3 | 45.00 | NOTE | |||
r-oldrel-macos-x86_64 | 2.0.3 | 60.00 | NOTE | |||
r-oldrel-windows-ix86+x86_64 | 2.0.3 | 210.00 | 91.00 | 301.00 | OK |
Version: 2.0.3
Check: installed package size
Result: NOTE
installed size is 6.4Mb
sub-directories of 1Mb or more:
help 1.3Mb
libs 4.3Mb
Flavors: r-devel-linux-x86_64-fedora-clang, r-release-macos-arm64, r-release-macos-x86_64, r-oldrel-macos-arm64, r-oldrel-macos-x86_64