Last updated on 2023-11-28 13:50:54 CET.
Flavor | Version | Tinstall | Tcheck | Ttotal | Status | Flags |
---|---|---|---|---|---|---|
r-devel-linux-x86_64-debian-clang | 1.1.1 | 57.38 | 36.01 | 93.39 | NOTE | |
r-devel-linux-x86_64-debian-gcc | 1.1.1 | 48.66 | 28.06 | 76.72 | NOTE | |
r-devel-linux-x86_64-fedora-clang | 1.1.1 | 147.29 | NOTE | |||
r-devel-linux-x86_64-fedora-gcc | 1.1.1 | 159.54 | NOTE | |||
r-devel-windows-x86_64 | 1.1.1 | 48.00 | 77.00 | 125.00 | NOTE | |
r-patched-linux-x86_64 | 1.1.1 | 57.70 | 35.08 | 92.78 | NOTE | |
r-release-linux-x86_64 | 1.1.1 | 58.47 | 35.09 | 93.56 | NOTE | |
r-release-macos-arm64 | 1.1.1 | 47.00 | NOTE | |||
r-release-macos-x86_64 | 1.1.1 | 73.00 | NOTE | |||
r-release-windows-x86_64 | 1.1.1 | 66.00 | 80.00 | 146.00 | NOTE | |
r-oldrel-macos-arm64 | 1.1.1 | 39.00 | NOTE | |||
r-oldrel-macos-x86_64 | 1.1.1 | 50.00 | NOTE | |||
r-oldrel-windows-x86_64 | 1.1.1 | 61.00 | 79.00 | 140.00 | OK |
Version: 1.1.1
Check: C++ specification
Result: NOTE
Specified C++11: please drop specification unless essential
Flavors: r-devel-linux-x86_64-debian-clang, r-devel-linux-x86_64-debian-gcc, r-devel-linux-x86_64-fedora-clang, r-devel-linux-x86_64-fedora-gcc, r-devel-windows-x86_64, r-patched-linux-x86_64, r-release-linux-x86_64, r-release-macos-arm64, r-release-macos-x86_64, r-release-windows-x86_64
Version: 1.1.1
Check: installed package size
Result: NOTE
installed size is 6.3Mb
sub-directories of 1Mb or more:
doc 1.3Mb
libs 4.8Mb
Flavors: r-release-macos-arm64, r-release-macos-x86_64, r-oldrel-macos-arm64, r-oldrel-macos-x86_64