Last updated on 2023-11-30 10:48:48 CET.
Flavor | Version | Tinstall | Tcheck | Ttotal | Status | Flags |
---|---|---|---|---|---|---|
r-devel-linux-x86_64-debian-clang | 0.0.8 | 8.24 | 34.12 | 42.36 | NOTE | |
r-devel-linux-x86_64-debian-gcc | 0.0.8 | 5.93 | 26.49 | 32.42 | NOTE | |
r-devel-linux-x86_64-fedora-clang | 0.0.8 | 52.84 | OK | |||
r-devel-linux-x86_64-fedora-gcc | 0.0.8 | 62.96 | OK | |||
r-devel-windows-x86_64 | 0.0.8 | 12.00 | 51.00 | 63.00 | OK | |
r-patched-linux-x86_64 | 0.0.8 | 7.64 | 33.79 | 41.43 | OK | |
r-release-linux-x86_64 | 0.0.8 | 8.08 | 33.15 | 41.23 | OK | |
r-release-macos-arm64 | 0.0.8 | 28.00 | OK | |||
r-release-macos-x86_64 | 0.0.8 | 43.00 | OK | |||
r-release-windows-x86_64 | 0.0.8 | 14.00 | 51.00 | 65.00 | OK | |
r-oldrel-macos-arm64 | 0.0.8 | 26.00 | OK | |||
r-oldrel-macos-x86_64 | 0.0.8 | 33.00 | OK | |||
r-oldrel-windows-x86_64 | 0.0.8 | 18.00 | 54.00 | 72.00 | OK |
Version: 0.0.8
Check: Rd files
Result: NOTE
checkRd: (-1) geodist.Rd:59: Lost braces
59 | code{sf::st_dist()} function.
| ^
checkRd: (-1) geodist_vec.Rd:65: Lost braces
65 | code{sf::st_dist()} function.
| ^
checkRd: (-1) georange.Rd:36: Lost braces
36 | code{sf::st_dist()} function.
| ^
Flavors: r-devel-linux-x86_64-debian-clang, r-devel-linux-x86_64-debian-gcc