CRAN Package Check Results for Package geobr

Last updated on 2024-04-20 11:50:13 CEST.

Flavor Version Tinstall Tcheck Ttotal Status Flags
r-devel-linux-x86_64-debian-clang 1.9.0 5.74 70.15 75.89 OK
r-devel-linux-x86_64-debian-gcc 1.9.0 4.67 51.83 56.50 OK
r-devel-linux-x86_64-fedora-clang 1.9.0 99.85 NOTE
r-devel-linux-x86_64-fedora-gcc 1.9.0 106.60 NOTE
r-prerel-macos-arm64 1.9.0 35.00 OK
r-prerel-macos-x86_64 1.9.0 97.00 NOTE
r-prerel-windows-x86_64 1.9.0 9.00 79.00 88.00 OK
r-patched-linux-x86_64 1.8.2 7.37 66.99 74.36 OK
r-release-linux-x86_64 1.8.2 5.54 62.76 68.30 OK
r-release-macos-arm64 1.9.0 39.00 OK
r-release-macos-x86_64 1.9.0 81.00 OK
r-release-windows-x86_64 1.8.2 8.00 86.00 94.00 OK
r-oldrel-macos-arm64 1.9.0 35.00 OK
r-oldrel-windows-x86_64 1.9.0 11.00 87.00 98.00 OK

Check Details

Version: 1.9.0
Check: data for non-ASCII characters
Result: NOTE Note: found 58 marked UTF-8 strings Flavors: r-devel-linux-x86_64-fedora-clang, r-devel-linux-x86_64-fedora-gcc

Version: 1.9.0
Check: package dependencies
Result: NOTE Package suggested but not available for checking: ‘arrow’ Flavor: r-prerel-macos-x86_64