Last updated on 2024-04-19 11:56:46 CEST.
Flavor | Version | Tinstall | Tcheck | Ttotal | Status | Flags |
---|---|---|---|---|---|---|
r-devel-linux-x86_64-debian-clang | 0.1.0 | 34.19 | 38.36 | 72.55 | NOTE | |
r-devel-linux-x86_64-debian-gcc | 0.1.0 | NOTE | ||||
r-devel-linux-x86_64-fedora-clang | 0.1.0 | 95.80 | NOTE | |||
r-devel-linux-x86_64-fedora-gcc | 0.1.0 | 92.63 | NOTE | |||
r-prerel-macos-arm64 | 0.1.0 | 25.00 | NOTE | |||
r-prerel-windows-x86_64 | 0.1.0 | 26.00 | 72.00 | 98.00 | NOTE | |
r-patched-linux-x86_64 | 0.1.0 | 33.07 | 36.21 | 69.28 | NOTE | |
r-release-linux-x86_64 | 0.1.0 | 27.83 | 35.26 | 63.09 | NOTE | |
r-release-macos-arm64 | 0.1.0 | 28.00 | NOTE | |||
r-release-macos-x86_64 | 0.1.0 | 43.00 | NOTE | |||
r-release-windows-x86_64 | 0.1.0 | 29.00 | 77.00 | 106.00 | NOTE | |
r-oldrel-macos-arm64 | 0.1.0 | 31.00 | OK | |||
r-oldrel-windows-x86_64 | 0.1.0 | 32.00 | 77.00 | 109.00 | OK |
Version: 0.1.0
Check: C++ specification
Result: NOTE
Specified C++11: please drop specification unless essential
Flavors: r-devel-linux-x86_64-debian-clang, r-devel-linux-x86_64-debian-gcc, r-devel-linux-x86_64-fedora-clang, r-devel-linux-x86_64-fedora-gcc, r-prerel-macos-arm64, r-prerel-windows-x86_64, r-patched-linux-x86_64, r-release-linux-x86_64, r-release-macos-arm64, r-release-macos-x86_64, r-release-windows-x86_64