Last updated on 2022-07-07 12:55:24 CEST.
Flavor | Version | Tinstall | Tcheck | Ttotal | Status | Flags |
---|---|---|---|---|---|---|
r-devel-linux-x86_64-debian-clang | 0.7.1 | 34.46 | 64.69 | 99.15 | NOTE | |
r-devel-linux-x86_64-debian-gcc | 0.7.1 | 32.44 | 49.11 | 81.55 | NOTE | |
r-devel-linux-x86_64-fedora-clang | 0.7.1 | 139.71 | NOTE | |||
r-devel-linux-x86_64-fedora-gcc | 0.7.1 | 140.73 | NOTE | |||
r-devel-windows-x86_64 | 0.7.1 | 83.00 | 86.00 | 169.00 | OK | |
r-patched-linux-x86_64 | 0.7.1 | 37.15 | 62.86 | 100.01 | NOTE | |
r-release-linux-x86_64 | 0.7.1 | 34.66 | 63.41 | 98.07 | NOTE | |
r-release-macos-arm64 | 0.7.1 | 52.00 | OK | |||
r-release-macos-x86_64 | 0.7.1 | 53.00 | OK | |||
r-release-windows-x86_64 | 0.7.1 | 81.00 | 90.00 | 171.00 | OK | |
r-oldrel-macos-arm64 | 0.7.1 | 48.00 | OK | |||
r-oldrel-macos-x86_64 | 0.7.1 | 53.00 | OK | |||
r-oldrel-windows-ix86+x86_64 | 0.7.1 | 106.00 | 97.00 | 203.00 | OK |
Version: 0.7.1
Check: package dependencies
Result: NOTE
Package suggested but not available for checking: 'geoR'
Flavors: r-devel-linux-x86_64-debian-clang, r-devel-linux-x86_64-debian-gcc, r-devel-linux-x86_64-fedora-clang, r-devel-linux-x86_64-fedora-gcc, r-patched-linux-x86_64, r-release-linux-x86_64
Version: 0.7.1
Check: Rd cross-references
Result: NOTE
Unknown package 'geoR' in Rd xrefs
Flavors: r-devel-linux-x86_64-debian-clang, r-devel-linux-x86_64-debian-gcc, r-devel-linux-x86_64-fedora-clang, r-devel-linux-x86_64-fedora-gcc, r-patched-linux-x86_64, r-release-linux-x86_64