Last updated on 2025-04-29 12:52:37 CEST.
Flavor | Version | Tinstall | Tcheck | Ttotal | Status | Flags |
---|---|---|---|---|---|---|
r-devel-linux-x86_64-debian-clang | 0.1.7 | 10.44 | 31.29 | 41.73 | NOTE | |
r-devel-linux-x86_64-debian-gcc | 0.1.7 | 8.61 | 24.96 | 33.57 | NOTE | |
r-devel-linux-x86_64-fedora-clang | 0.1.7 | 63.82 | NOTE | |||
r-devel-linux-x86_64-fedora-gcc | 0.1.7 | 61.39 | NOTE | |||
r-devel-windows-x86_64 | 0.1.7 | 66.00 | 54.00 | 120.00 | NOTE | |
r-patched-linux-x86_64 | 0.1.7 | 10.93 | 28.93 | 39.86 | NOTE | |
r-release-linux-x86_64 | 0.1.7 | 9.72 | 29.11 | 38.83 | NOTE | |
r-release-macos-arm64 | 0.1.7 | 25.00 | NOTE | |||
r-release-macos-x86_64 | 0.1.7 | 40.00 | NOTE | |||
r-release-windows-x86_64 | 0.1.7 | 68.00 | 60.00 | 128.00 | NOTE | |
r-oldrel-macos-arm64 | 0.1.7 | 24.00 | NOTE | |||
r-oldrel-macos-x86_64 | 0.1.7 | 38.00 | NOTE | |||
r-oldrel-windows-x86_64 | 0.1.7 | 62.00 | 53.00 | 115.00 | NOTE |
Version: 0.1.7
Check: CRAN incoming feasibility
Result: NOTE
Maintainer: ‘Gertjan van den Burg <gertjanvandenburg@gmail.com>’
Package CITATION file contains call(s) to old-style personList() or
as.personList(). Please use c() on person objects instead.
The BugReports field in DESCRIPTION has
https://github.com/GjjvdBurg/RGenSVM
which should likely be
https://github.com/GjjvdBurg/RGenSVM/issues
instead.
Flavors: r-devel-linux-x86_64-debian-clang, r-devel-linux-x86_64-debian-gcc
Version: 0.1.7
Check: Rd files
Result: NOTE
checkRd: (-1) gensvm.grid.Rd:125: Lost braces
125 | "Kernels in GenSVM" in the code{ink{gensvm-package}} page for more info.}
| ^
checkRd: (-1) gensvm.grid.Rd:125: Lost braces
125 | "Kernels in GenSVM" in the code{ink{gensvm-package}} page for more info.}
| ^
checkRd: (-1) gensvm.grid.Rd:127: Lost braces
127 | GenSVM" in the code{ink{gensvm-package}} page for more info.}
| ^
checkRd: (-1) gensvm.grid.Rd:127: Lost braces
127 | GenSVM" in the code{ink{gensvm-package}} page for more info.}
| ^
checkRd: (-1) gensvm.grid.Rd:129: Lost braces
129 | section "Kernels in GenSVM" in the code{ink{gensvm-package}} page for more
| ^
checkRd: (-1) gensvm.grid.Rd:129: Lost braces
129 | section "Kernels in GenSVM" in the code{ink{gensvm-package}} page for more
| ^
Flavors: r-devel-linux-x86_64-debian-clang, r-devel-linux-x86_64-debian-gcc, r-devel-linux-x86_64-fedora-clang, r-devel-linux-x86_64-fedora-gcc, r-devel-windows-x86_64, r-patched-linux-x86_64, r-release-linux-x86_64, r-release-macos-arm64, r-release-macos-x86_64, r-release-windows-x86_64, r-oldrel-macos-arm64, r-oldrel-macos-x86_64, r-oldrel-windows-x86_64