Last updated on 2025-04-29 12:52:37 CEST.
Flavor | Version | Tinstall | Tcheck | Ttotal | Status | Flags |
---|---|---|---|---|---|---|
r-devel-linux-x86_64-debian-clang | 1.0.0 | 1.97 | 20.11 | 22.08 | NOTE | |
r-devel-linux-x86_64-debian-gcc | 1.0.0 | 1.54 | 15.99 | 17.53 | NOTE | |
r-devel-linux-x86_64-fedora-clang | 1.0.0 | 34.86 | OK | |||
r-devel-linux-x86_64-fedora-gcc | 1.0.0 | 33.66 | OK | |||
r-devel-windows-x86_64 | 1.0.0 | 3.00 | 38.00 | 41.00 | OK | |
r-patched-linux-x86_64 | 1.0.0 | 1.88 | 19.56 | 21.44 | OK | |
r-release-linux-x86_64 | 1.0.0 | 1.55 | 19.92 | 21.47 | OK | |
r-release-macos-arm64 | 1.0.0 | 17.00 | OK | |||
r-release-macos-x86_64 | 1.0.0 | 32.00 | OK | |||
r-release-windows-x86_64 | 1.0.0 | 3.00 | 42.00 | 45.00 | OK | |
r-oldrel-macos-arm64 | 1.0.0 | 16.00 | OK | |||
r-oldrel-macos-x86_64 | 1.0.0 | 20.00 | OK | |||
r-oldrel-windows-x86_64 | 1.0.0 | 3.00 | 37.00 | 40.00 | OK |
Version: 1.0.0
Check: CRAN incoming feasibility
Result: NOTE
Maintainer: ‘Jixiang Wu <jixiang.wu@sdstate.edu>’
No Authors@R field in DESCRIPTION.
Please add one, modifying
Authors@R: person(given = "Jixiang",
family = "Wu",
role = c("aut", "cre"),
email = "jixiang.wu@sdstate.edu")
as necessary.
Flavors: r-devel-linux-x86_64-debian-clang, r-devel-linux-x86_64-debian-gcc